000
CDUS44 KHGX 200723
CLICLL


CLIMATE REPORT
NATIONAL WEATHER SERVICE HOUSTON/GALVESTON TX
223 AM CDT FRI APR 20 2018


...................................

...THE COLLEGE STATION CLIMATE SUMMARY FOR APRIL 19 2018...

CLIMATE NORMAL PERIOD 1981 TO 2010
CLIMATE RECORD PERIOD 1902 TO 2018


WEATHER ITEM   OBSERVED TIME   RECORD YEAR NORMAL DEPARTURE LAST
                VALUE   (LST)  VALUE       VALUE  FROM      YEAR
                                                  NORMAL
..................................................................
TEMPERATURE (F)
 YESTERDAY
  MAXIMUM         76    304 PM  96    2011  80     -4       84
  MINIMUM         57    646 AM  39    1953  59     -2       66
  AVERAGE         67                        69     -2       75

PRECIPITATION (IN)
  YESTERDAY        0.00          1.64 1970   0.09  -0.09      T
  MONTH TO DATE    0.65                      1.54  -0.89     2.73
  SINCE MAR 1      6.81                      4.71   2.10     4.49
  SINCE JAN 1      9.73                     10.80  -1.07    11.49

SNOWFALL (IN)
  YESTERDAY        0.0
  MONTH TO DATE    0.0
  SINCE JUL 1      5.0

DEGREE DAYS
 HEATING
  YESTERDAY        0                         1     -1        0
  MONTH TO DATE   59                        39     20        7
  SINCE MAR 1    139                       211    -72       73
  SINCE JUL 1   1506                      1598    -92      842

 COOLING
  YESTERDAY        2                         5     -3       10
  MONTH TO DATE   59                        80    -21      107
  SINCE MAR 1    161                       139     22      248
  SINCE JAN 1    207                       167     40      379
..................................................................


WIND (MPH)
  HIGHEST WIND SPEED    22   HIGHEST WIND DIRECTION     N (20)
  HIGHEST GUST SPEED    29   HIGHEST GUST DIRECTION     N (20)
  AVERAGE WIND SPEED    11.5


SKY COVER
  AVERAGE SKY COVER 0.1


WEATHER CONDITIONS
 THE FOLLOWING WEATHER WAS RECORDED YESTERDAY.
  NO SIGNIFICANT WEATHER WAS OBSERVED.


RELATIVE HUMIDITY (PERCENT)
 HIGHEST    51           900 PM
 LOWEST     23           200 PM
 AVERAGE    37

..........................................................


THE COLLEGE STATION CLIMATE NORMALS FOR TODAY
                         NORMAL    RECORD    YEAR
 MAXIMUM TEMPERATURE (F)   80        94      2011
                                             1925
 MINIMUM TEMPERATURE (F)   59        38      1887


SUNRISE AND SUNSET
APRIL 20 2018.........SUNRISE   653 AM CDT   SUNSET   757 PM CDT
APRIL 21 2018.........SUNRISE   651 AM CDT   SUNSET   757 PM CDT


-  INDICATES NEGATIVE NUMBERS.
R  INDICATES RECORD WAS SET OR TIED.
MM INDICATES DATA IS MISSING.
T  INDICATES TRACE AMOUNT.




$$
