000
CDUS41 KILN 190533
CLICMH


CLIMATE REPORT
NATIONAL WEATHER SERVICE WILMINGTON OH
132 AM EDT THU APR 19 2018


...................................

...THE COLUMBUS OH CLIMATE SUMMARY FOR APRIL 18 2018...

CLIMATE NORMAL PERIOD 1981 TO 2010
CLIMATE RECORD PERIOD 1869 TO 2018


WEATHER ITEM   OBSERVED TIME   RECORD YEAR NORMAL DEPARTURE LAST
                VALUE   (LST)  VALUE       VALUE  FROM      YEAR
                                                  NORMAL
..................................................................
TEMPERATURE (F)
 YESTERDAY
  MAXIMUM         57    417 PM  89    1896  65     -8       76
  MINIMUM         27    526 AM  22    1953  43    -16       49
  AVERAGE         42                        54    -12       63

PRECIPITATION (IN)
  YESTERDAY        0.23          1.61 1885   0.11   0.12     0.01
  MONTH TO DATE    4.79                      2.03   2.76     1.41
  SINCE MAR 1      7.75                      5.05   2.70     6.80
  SINCE JAN 1     15.39                     10.03   5.36    12.26

SNOWFALL (IN)
  YESTERDAY        0.0           4.1  1953   0.1   -0.1      0.0
  MONTH TO DATE    2.6                       1.0    1.6       T
  SINCE MAR 1      5.8                       5.2    0.6      1.7
  SINCE JUL 1     30.4                      26.6    3.8      9.3
  SNOW DEPTH       0

DEGREE DAYS
 HEATING
  YESTERDAY       23                        11     12        2
  MONTH TO DATE  360                       257    103      149
  SINCE MAR 1   1173                       973    200      822
  SINCE JUL 1   5020                      4968     52     4091

 COOLING
  YESTERDAY        0                         0      0        0
  MONTH TO DATE    9                         0      9       15
  SINCE MAR 1      9                         0      9       17
  SINCE JAN 1     13                         0     13       21
..................................................................


WIND (MPH)
  RESULTANT WIND SPEED   3   RESULTANT WIND DIRECTION   E (100)
  HIGHEST WIND SPEED    17   HIGHEST WIND DIRECTION    NW (310)
  HIGHEST GUST SPEED    20   HIGHEST GUST DIRECTION    NW (320)
  AVERAGE WIND SPEED     4.5


SKY COVER
  POSSIBLE SUNSHINE  MM
  AVERAGE SKY COVER 0.6


WEATHER CONDITIONS
 THE FOLLOWING WEATHER WAS RECORDED YESTERDAY.
  LIGHT RAIN
  FOG


RELATIVE HUMIDITY (PERCENT)
 HIGHEST    92           200 AM
 LOWEST     43           400 PM
 AVERAGE    68

..........................................................


THE COLUMBUS OH CLIMATE NORMALS FOR TODAY
                         NORMAL    RECORD    YEAR
 MAXIMUM TEMPERATURE (F)   65        85      2002
                                             1958
 MINIMUM TEMPERATURE (F)   44        21      1953


SUNRISE AND SUNSET
APRIL 19 2018.........SUNRISE   648 AM EDT   SUNSET   814 PM EDT
APRIL 20 2018.........SUNRISE   646 AM EDT   SUNSET   815 PM EDT


-  INDICATES NEGATIVE NUMBERS.
R  INDICATES RECORD WAS SET OR TIED.
MM INDICATES DATA IS MISSING.
T  INDICATES TRACE AMOUNT.




$$
