000
CDUS41 KGYX 240805
CLICON


CLIMATE REPORT
NATIONAL WEATHER SERVICE GRAY ME
404 AM EDT THU MAY 24 2018


...................................

...THE CONCORD NH CLIMATE SUMMARY FOR MAY 23 2018...

CLIMATE NORMAL PERIOD 1981 TO 2010
CLIMATE RECORD PERIOD 1868 TO 2018


WEATHER ITEM   OBSERVED TIME   RECORD YEAR NORMAL DEPARTURE LAST
                VALUE   (LST)  VALUE       VALUE  FROM      YEAR
                                                  NORMAL
..................................................................
TEMPERATURE (F)
 YESTERDAY
  MAXIMUM         84    250 PM  95    1975  71     13       71
  MINIMUM         53    209 AM  31    2002  45      8       49
                                      1907
  AVERAGE         69                        58     11       60

PRECIPITATION (IN)
  YESTERDAY        0.00          0.96 2014   0.12  -0.12     0.00
  MONTH TO DATE    0.72                      2.64  -1.92     4.36
  SINCE MAR 1      7.62                      9.32  -1.70    12.57
  SINCE JAN 1     14.38                     14.64  -0.26    17.52

SNOWFALL (IN)
  YESTERDAY        0.0           0.0  2002   0.0    0.0      0.0
                                      2001
                                      2000
  MONTH TO DATE    0.0                       0.2   -0.2      0.0
  SINCE MAR 1     30.4                      14.1   16.3     29.3
  SINCE JUL 1     87.9                      61.6   26.3     86.3
  SNOW DEPTH       0

DEGREE DAYS
 HEATING
  YESTERDAY        0                         8     -8        5
  MONTH TO DATE  138                       250   -112      269
  SINCE MAR 1   1802                      1837    -35     1843
  SINCE JUL 1   6599                      7097   -498     6341

 COOLING
  YESTERDAY        4                         1      3        0
  MONTH TO DATE   22                         6     16       24
  SINCE MAR 1     22                         8     14       32
  SINCE JAN 1     22                         8     14       32
..................................................................


WIND (MPH)
  RESULTANT WIND SPEED   5   RESULTANT WIND DIRECTION  NW (320)
  HIGHEST WIND SPEED    22   HIGHEST WIND DIRECTION    NW (320)
  HIGHEST GUST SPEED    27   HIGHEST GUST DIRECTION    NW (330)
  AVERAGE WIND SPEED     7.0


SKY COVER
  AVERAGE SKY COVER 0.4


WEATHER CONDITIONS
 THE FOLLOWING WEATHER WAS RECORDED YESTERDAY.
  NO SIGNIFICANT WEATHER WAS OBSERVED.


RELATIVE HUMIDITY (PERCENT)
 HIGHEST    89          1200 AM
 LOWEST     26           300 PM
 AVERAGE    58

..........................................................


THE CONCORD NH CLIMATE NORMALS FOR TODAY
                         NORMAL    RECORD    YEAR
 MAXIMUM TEMPERATURE (F)   71        91      2007
                                             1991
                                             1977
 MINIMUM TEMPERATURE (F)   45        29      1971
                                             1965


SUNRISE AND SUNSET
MAY 24 2018...........SUNRISE   514 AM EDT   SUNSET   812 PM EDT
MAY 25 2018...........SUNRISE   513 AM EDT   SUNSET   813 PM EDT


-  INDICATES NEGATIVE NUMBERS.
R  INDICATES RECORD WAS SET OR TIED.
MM INDICATES DATA IS MISSING.
T  INDICATES TRACE AMOUNT.




$$
