000
CDUS46 KLOX 210112
CLICQT


CLIMATE REPORT
NATIONAL WEATHER SERVICE LOS ANGELES/OXNARD CA
611 PM PDT SUN MAY 20 2018


...................................

...THE DOWNTOWN LOS ANGELES (USC) CA CLIMATE SUMMARY FOR MAY 20 2018...
VALID TODAY AS OF 0600 PM LOCAL TIME.

CLIMATE NORMAL PERIOD 1981 TO 2010
CLIMATE RECORD PERIOD 1877 TO 2018


WEATHER ITEM   OBSERVED TIME   RECORD YEAR NORMAL DEPARTURE LAST
                VALUE   (LST)  VALUE       VALUE  FROM      YEAR
                                                  NORMAL
..................................................................
TEMPERATURE (F)
 TODAY
  MAXIMUM         70    212 PM  99    1942  75     -5       94
                                      1883
  MINIMUM         60    436 AM  45    1879  58      2       63
  AVERAGE         65                        66     -1       79

PRECIPITATION (IN)
  TODAY            0.00          0.84 1921   0.01  -0.01     0.00
  MONTH TO DATE    0.05                      0.20  -0.15     0.32
  SINCE OCT 1      4.68                     14.49  -9.81    18.99
  SINCE JAN 1      4.56                     10.46  -5.90    13.04

SNOWFALL (IN)
  TODAY            0.0
  MONTH TO DATE    0.0
  SINCE MAR 1      0.0
  SINCE JUL 1      0.0

DEGREE DAYS
 HEATING
  TODAY            0                         1     -1        0
  MONTH TO DATE   25                        33     -8       23
  SINCE MAR 1    226                       291    -65       77
  SINCE JUL 1    637                      1066   -429      729

 COOLING
  TODAY            0                         2     -2       14
  MONTH TO DATE   32                        40     -8       60
  SINCE MAR 1     77                       104    -27      232
  SINCE JAN 1    113                       127    -14      240
..................................................................


WIND (MPH)
  HIGHEST WIND SPEED     9   HIGHEST WIND DIRECTION     W (270)
  HIGHEST GUST SPEED    18   HIGHEST GUST DIRECTION     W (280)
  AVERAGE WIND SPEED     1.0


SKY COVER
  POSSIBLE SUNSHINE  MM
  AVERAGE SKY COVER 0.9


WEATHER CONDITIONS
 THE FOLLOWING WEATHER WAS RECORDED TODAY.
  NO SIGNIFICANT WEATHER WAS OBSERVED.


RELATIVE HUMIDITY (PERCENT)
 HIGHEST    84           100 AM
 LOWEST     61           200 PM
 AVERAGE    73

..........................................................


THE DOWNTOWN LOS ANGELES (USC) CA CLIMATE NORMALS FOR TOMORROW
                         NORMAL    RECORD    YEAR
 MAXIMUM TEMPERATURE (F)   75       100      1883
 MINIMUM TEMPERATURE (F)   58        43      1902


SUNRISE AND SUNSET
MAY 20 2018...........SUNRISE   548 AM PDT   SUNSET   751 PM PDT
MAY 21 2018...........SUNRISE   548 AM PDT   SUNSET   752 PM PDT


-  INDICATES NEGATIVE NUMBERS.
R  INDICATES RECORD WAS SET OR TIED.
MM INDICATES DATA IS MISSING.
T  INDICATES TRACE AMOUNT.




$$
