051
CDUS44 KCRP 240909
CLICRP

CLIMATE REPORT
NATIONAL WEATHER SERVICE CORPUS CHRISTI TX
406 AM CDT THU MAY 24 2018

...THE CORPUS CHRISTI CLIMATE SUMMARY FOR MAY 23 2018...

CLIMATE NORMAL PERIOD 1981 TO 2010
CLIMATE RECORD PERIOD 1887 TO 2018


WEATHER ITEM   OBSERVED TIME   RECORD YEAR NORMAL DEPARTURE LAST
                VALUE   (LST)  VALUE       VALUE  FROM      YEAR
                                                  NORMAL
..................................................................
TEMPERATURE (F)
 YESTERDAY
  MAXIMUM         90    213 PM  96    1988  88      2       88
  MINIMUM         73    605 AM  56    1967  71      2       67
  AVERAGE         82                        80      2       78

PRECIPITATION (IN)
  YESTERDAY        0.00          3.42 1993   0.11  -0.11     0.51
  MONTH TO DATE    0.68                      2.19  -1.51     0.93
  SINCE MAR 1      2.95                      5.92  -2.97     8.14
  SINCE JAN 1      4.68                      9.39  -4.71    10.98

SNOWFALL (IN)
  YESTERDAY        0.0
  MONTH TO DATE    0.0
  SINCE MAR 1      0.0
  SINCE JUL 1      1.0
  SNOW DEPTH       0

DEGREE DAYS
 HEATING
  YESTERDAY        0                         0      0        0
  MONTH TO DATE    0                         0      0        0
  SINCE MAR 1     42                        98    -56       16
  SINCE JUL 1    871                       898    -27      368

 COOLING
  YESTERDAY       17                        15      2       13
  MONTH TO DATE  332                       291     41      298
  SINCE MAR 1    732                       643     89      804
  SINCE JAN 1    854                       719    135     1073
..................................................................


WIND (MPH)
  HIGHEST WIND SPEED    20   HIGHEST WIND DIRECTION     E (90)
  HIGHEST GUST SPEED    24   HIGHEST GUST DIRECTION     E (100)
  AVERAGE WIND SPEED     8.7


SKY COVER
  POSSIBLE SUNSHINE  MM
  AVERAGE SKY COVER 0.5


WEATHER CONDITIONS
 THE FOLLOWING WEATHER WAS RECORDED YESTERDAY.
  FOG


RELATIVE HUMIDITY (PERCENT)
 HIGHEST   100          1200 AM
 LOWEST     59           100 PM
 AVERAGE    80

..........................................................


THE CORPUS CHRISTI CLIMATE NORMALS FOR TODAY
                         NORMAL    RECORD    YEAR
 MAXIMUM TEMPERATURE (F)   88        94      1974
 MINIMUM TEMPERATURE (F)   72        58      2017
                                             1967


SUNRISE AND SUNSET
MAY 24 2018...........SUNRISE   637 AM CDT   SUNSET   817 PM CDT
MAY 25 2018...........SUNRISE   636 AM CDT   SUNSET   818 PM CDT


-  INDICATES NEGATIVE NUMBERS.
R  INDICATES RECORD WAS SET OR TIED.
MM INDICATES DATA IS MISSING.
T  INDICATES TRACE AMOUNT.

$$

87
