000
CDUS41 KRLX 250734
CLICRW


CLIMATE REPORT
NATIONAL WEATHER SERVICE CHARLESTON WV
334 AM EDT WED APR 25 2018


...................................

...THE CHARLESTON WV CLIMATE SUMMARY FOR APRIL 24 2018...

CLIMATE NORMAL PERIOD 1981 TO 2010
CLIMATE RECORD PERIOD 1901 TO 2018


WEATHER ITEM   OBSERVED TIME   RECORD YEAR NORMAL DEPARTURE LAST
                VALUE   (LST)  VALUE       VALUE  FROM      YEAR
                                                  NORMAL
..................................................................
TEMPERATURE (F)
 YESTERDAY
  MAXIMUM         61   1148 AM  91    1915  70     -9       62
  MINIMUM         52    824 AM  29    1986  47      5       51
                                      1927
  AVERAGE         57                        59     -2       57

PRECIPITATION (IN)
  YESTERDAY        0.34          1.01 1975   0.12   0.22     0.01
  MONTH TO DATE    4.02                      2.53   1.49     2.27
  SINCE JAN 1     19.50                     12.63   6.87    13.76

SNOWFALL (IN)
  YESTERDAY        0.0           0.7  2005   0.0    0.0      0.0
  MONTH TO DATE    2.2                       1.4    0.8       T
  SINCE SEP 1     19.3                      36.4  -17.1      7.5
  SNOW DEPTH       0

DEGREE DAYS
 HEATING
  YESTERDAY        8                         8      0        8
  MONTH TO DATE  353                       254     99      144
  SINCE MAR 1   1070                       854    216      713
  SINCE JUL 1   4341                      4308     33     3420

 COOLING
  YESTERDAY        0                         1     -1        0
  MONTH TO DATE   11                        23    -12       20
  SINCE MAR 1     13                        28    -15       23
  SINCE JAN 1     22                        28     -6       23
..................................................................


WIND (MPH)
  HIGHEST WIND SPEED    15   HIGHEST WIND DIRECTION     E (100)
  HIGHEST GUST SPEED    20   HIGHEST GUST DIRECTION    SE (120)
  AVERAGE WIND SPEED     5.8


SKY COVER
  POSSIBLE SUNSHINE  MM
  AVERAGE SKY COVER 0.6


WEATHER CONDITIONS
 THE FOLLOWING WEATHER WAS RECORDED YESTERDAY.
  RAIN
  LIGHT RAIN
  FOG


RELATIVE HUMIDITY (PERCENT)
 HIGHEST    93           900 AM
 LOWEST     86          1100 AM
 AVERAGE    90

..........................................................


THE CHARLESTON WV CLIMATE NORMALS FOR TODAY
                         NORMAL    RECORD    YEAR
 MAXIMUM TEMPERATURE (F)   71        96      1925
 MINIMUM TEMPERATURE (F)   47        28      1927


SUNRISE AND SUNSET
APRIL 25 2018.........SUNRISE   637 AM EDT   SUNSET   812 PM EDT
APRIL 26 2018.........SUNRISE   636 AM EDT   SUNSET   813 PM EDT


-  INDICATES NEGATIVE NUMBERS.
R  INDICATES RECORD WAS SET OR TIED.
MM INDICATES DATA IS MISSING.
T  INDICATES TRACE AMOUNT.




$$
