000
CDUS45 KTFX 260837
CLICTB


CLIMATE REPORT
NATIONAL WEATHER SERVICE GREAT FALLS MT
235 AM MDT SAT MAY 26 2018


...................................

...THE CUT BANK MT CLIMATE SUMMARY FOR MAY 25 2018...

CLIMATE NORMAL PERIOD 1981 TO 2010
CLIMATE RECORD PERIOD 1903 TO 2018


WEATHER ITEM   OBSERVED TIME   RECORD YEAR NORMAL DEPARTURE LAST
                VALUE   (LST)  VALUE       VALUE  FROM      YEAR
                                                  NORMAL
..................................................................
TEMPERATURE (F)
 YESTERDAY
  MAXIMUM         79    418 PM  90    1928  65     14       59
  MINIMUM         51    454 AM  25    1904  40     11       40
  AVERAGE         65                        53     12       50

PRECIPITATION (IN)
  YESTERDAY        0.00          1.54 1997   0.08  -0.08     0.15
  MONTH TO DATE    1.38                      1.42  -0.04     0.96
  SINCE OCT 1      7.27                      4.13   3.14     6.45
  SINCE JAN 1      5.16                      3.11   2.05     5.02

SNOWFALL (IN)
  YESTERDAY       MM
  SNOW DEPTH       0

DEGREE DAYS
 HEATING
  YESTERDAY        0                        13    -13       15
  MONTH TO DATE  262                       400   -138      342
  SINCE MAR 1   2408                      2160    248     2050
  SINCE JUL 1   8926                      8220    706     8401

 COOLING
  YESTERDAY        0                         0      0        0
  MONTH TO DATE    0                         0      0        0
  SINCE MAR 1      0                         0      0        0
  SINCE JAN 1      0                         0      0        0
..................................................................


WIND (MPH)
  HIGHEST WIND SPEED    21   HIGHEST WIND DIRECTION     W (270)
  HIGHEST GUST SPEED    25   HIGHEST GUST DIRECTION     W (270)
  AVERAGE WIND SPEED    10.8


SKY COVER
  AVERAGE SKY COVER 0.0


WEATHER CONDITIONS
 THE FOLLOWING WEATHER WAS RECORDED YESTERDAY.
  NO SIGNIFICANT WEATHER WAS OBSERVED.


RELATIVE HUMIDITY (PERCENT)
 HIGHEST    77           500 AM
 LOWEST     24           300 PM
 AVERAGE    51

..........................................................


THE CUT BANK MT CLIMATE NORMALS FOR TODAY
                         NORMAL    RECORD    YEAR
 MAXIMUM TEMPERATURE (F)   65        88      1928
 MINIMUM TEMPERATURE (F)   41        17      1918


SUNRISE AND SUNSET
MAY 26 2018...........SUNRISE   536 AM MDT   SUNSET   918 PM MDT
MAY 27 2018...........SUNRISE   535 AM MDT   SUNSET   919 PM MDT


-  INDICATES NEGATIVE NUMBERS.
R  INDICATES RECORD WAS SET OR TIED.
MM INDICATES DATA IS MISSING.
T  INDICATES TRACE AMOUNT.




$$
