712
CDUS43 KUNR 230831
CLICUT


CLIMATE REPORT
NATIONAL WEATHER SERVICE RAPID CITY SD
230 AM MDT MON APR 23 2018


...................................

...THE CUSTER COUNTY AIRPORT SD CLIMATE SUMMARY FOR APRIL 22 2018...

CLIMATE NORMAL PERIOD 1981 TO 2010
CLIMATE RECORD PERIOD 9999 TO 9999


WEATHER ITEM   OBSERVED TIME   NORMAL DEPARTURE LAST
                VALUE   (LST)  VALUE  FROM      YEAR
                                      NORMAL
......................................................
TEMPERATURE (F)
 YESTERDAY
  MAXIMUM         61    305 PM  53      8       55
  MINIMUM         27    329 AM  29     -2       29
  AVERAGE         44            41      3       42

PRECIPITATION (IN)
  YESTERDAY        0.00          0.08  -0.08     0.00
  MONTH TO DATE    1.37          1.44  -0.07     2.13
  SINCE MAR 1      3.05          2.45   0.60     2.84
  SINCE JAN 1      5.36          3.31   2.05     4.85

DEGREE DAYS
 HEATING
  YESTERDAY       21            24     -3       23
  MONTH TO DATE  694           596     98      512
  SINCE MAR 1   1727          1636     91     1356
  SINCE JUL 1   7519          7471     48     6724

 COOLING
  YESTERDAY        0             0      0        0
  MONTH TO DATE    0             0      0        0
  SINCE MAR 1      0             0      0        0
  SINCE JAN 1      0             0      0        0
......................................................


WIND (MPH)
  HIGHEST WIND SPEED    14   HIGHEST WIND DIRECTION     E (100)
  HIGHEST GUST SPEED    17   HIGHEST GUST DIRECTION     E (110)
  AVERAGE WIND SPEED     4.4


SKY COVER
  AVERAGE SKY COVER 0.1


WEATHER CONDITIONS
 THE FOLLOWING WEATHER WAS RECORDED YESTERDAY.
  FOG
  FOG W/VISIBILITY <= 1/4 MILE


RELATIVE HUMIDITY (PERCENT)
 HIGHEST    92
 LOWEST     35
 AVERAGE    64

..........................................................




SUNRISE AND SUNSET
APRIL 23 2018.........SUNRISE   559 AM MDT   SUNSET   748 PM MDT
APRIL 24 2018.........SUNRISE   557 AM MDT   SUNSET   749 PM MDT


-  INDICATES NEGATIVE NUMBERS.
R  INDICATES RECORD WAS SET OR TIED.
MM INDICATES DATA IS MISSING.
T  INDICATES TRACE AMOUNT.




$$
