000
CDUS41 KILN 202056
CLICVG


CLIMATE REPORT
NATIONAL WEATHER SERVICE WILMINGTON OH
455 PM EDT FRI APR 20 2018


...................................

...THE CINCINNATI OH CLIMATE SUMMARY FOR APRIL 20 2018...
VALID TODAY AS OF 0400 PM LOCAL TIME.

CLIMATE NORMAL PERIOD 1981 TO 2010
CLIMATE RECORD PERIOD 1869 TO 2018


WEATHER ITEM   OBSERVED TIME   RECORD YEAR NORMAL DEPARTURE LAST
                VALUE   (LST)  VALUE       VALUE  FROM      YEAR
                                                  NORMAL
..................................................................
TEMPERATURE (F)
 TODAY
  MAXIMUM         60    330 PM  89    1976  66     -6       82
  MINIMUM         33    623 AM  24    1983  45    -12       61
  AVERAGE         47                        56     -9       72

PRECIPITATION (IN)
  TODAY            0.00          1.51 1920   0.13  -0.13     0.53
  MONTH TO DATE    3.17                      2.53   0.64     2.31
  SINCE MAR 1      7.03                      6.49   0.54     7.12
  SINCE JAN 1     17.04                     12.30   4.74    14.34

SNOWFALL (IN)
  TODAY            0.0           0.0    MM   0.0    0.0      0.0
  MONTH TO DATE    2.5                       0.5    2.0      0.0
  SINCE MAR 1     12.2                       3.5    8.7      2.0
  SINCE JUL 1     23.8                      22.1    1.7     10.0
  SNOW DEPTH       0

DEGREE DAYS
 HEATING
  TODAY           18                        10      8        0
  MONTH TO DATE  372                       258    114      121
  SINCE MAR 1   1143                       924    219      744
  SINCE JUL 1   4830                      4751     79     3824

 COOLING
  TODAY            0                         1     -1        7
  MONTH TO DATE    7                         8     -1       33
  SINCE MAR 1      7                         8     -1       34
  SINCE JAN 1     12                         8      4       34
..................................................................


WIND (MPH)
  HIGHEST WIND SPEED    12   HIGHEST WIND DIRECTION    NE (60)
  HIGHEST GUST SPEED    16   HIGHEST GUST DIRECTION    NE (30)
  AVERAGE WIND SPEED     7.5


SKY COVER
  POSSIBLE SUNSHINE  MM
  AVERAGE SKY COVER 0.0


WEATHER CONDITIONS
 THE FOLLOWING WEATHER WAS RECORDED TODAY.
  NO SIGNIFICANT WEATHER WAS OBSERVED.


RELATIVE HUMIDITY (PERCENT)
 HIGHEST    75           500 AM
 LOWEST     24           200 PM
 AVERAGE    50

..........................................................


THE CINCINNATI OH CLIMATE NORMALS FOR TOMORROW
                         NORMAL    RECORD    YEAR
 MAXIMUM TEMPERATURE (F)   67        86      1902
 MINIMUM TEMPERATURE (F)   46        30      1981
                                             1901


SUNRISE AND SUNSET
APRIL 20 2018.........SUNRISE   655 AM EDT   SUNSET   821 PM EDT
APRIL 21 2018.........SUNRISE   654 AM EDT   SUNSET   822 PM EDT


-  INDICATES NEGATIVE NUMBERS.
R  INDICATES RECORD WAS SET OR TIED.
MM INDICATES DATA IS MISSING.
T  INDICATES TRACE AMOUNT.




$$
