000
CDUS43 KUNR 190834
CLID07


CLIMATE REPORT
NATIONAL WEATHER SERVICE RAPID CITY SD
233 AM MDT THU APR 19 2018


...................................

...THE FAITH SD CLIMATE SUMMARY FOR APRIL 18 2018...

CLIMATE NORMAL PERIOD 1981 TO 2010
CLIMATE RECORD PERIOD 9999 TO 9999


WEATHER ITEM   OBSERVED TIME   NORMAL DEPARTURE LAST
                VALUE   (LST)  VALUE  FROM      YEAR
                                      NORMAL
......................................................
TEMPERATURE (F)
 YESTERDAY
  MAXIMUM         53    301 PM  58     -5       63
  MINIMUM         31    704 AM  34     -3       40
  AVERAGE         42            46     -4       52

PRECIPITATION (IN)
  YESTERDAY        0.06          0.05   0.01     0.00
  MONTH TO DATE    0.97          0.75   0.22     0.64
  SINCE MAR 1      2.24          1.73   0.51     1.14
  SINCE JAN 1      3.34          2.35   0.99     2.16

DEGREE DAYS
 HEATING
  YESTERDAY       23            19      4       13
  MONTH TO DATE  652           410    242      302
  SINCE MAR 1   1828          1413    415     1212
  SINCE JUL 1   7780          7101    679     6563

 COOLING
  YESTERDAY        0             0      0        0
  MONTH TO DATE    0             0      0        0
  SINCE MAR 1      0             0      0        0
  SINCE JAN 1      0             0      0        0
......................................................


WIND (MPH)
  HIGHEST WIND SPEED    20   HIGHEST WIND DIRECTION    NE (40)
  HIGHEST GUST SPEED    25   HIGHEST GUST DIRECTION    NE (40)
  AVERAGE WIND SPEED     8.8




RELATIVE HUMIDITY (PERCENT)
 HIGHEST   100          1200 AM
 LOWEST     56           500 PM
 AVERAGE    78

..........................................................




SUNRISE AND SUNSET
APRIL 19 2018.........SUNRISE   556 AM MDT   SUNSET   739 PM MDT
APRIL 20 2018.........SUNRISE   555 AM MDT   SUNSET   740 PM MDT


-  INDICATES NEGATIVE NUMBERS.
R  INDICATES RECORD WAS SET OR TIED.
MM INDICATES DATA IS MISSING.
T  INDICATES TRACE AMOUNT.




$$
