000
CDUS42 KMLB 210631
CLIDAB


CLIMATE REPORT
NATIONAL WEATHER SERVICE MELBOURNE FL
230 AM EDT SAT APR 21 2018


...................................

...THE DAYTONA BEACH CLIMATE SUMMARY FOR APRIL 20 2018...

CLIMATE NORMAL PERIOD 1981 TO 2010
CLIMATE RECORD PERIOD 1923 TO 2018


WEATHER ITEM   OBSERVED TIME   RECORD YEAR NORMAL DEPARTURE LAST
                VALUE   (LST)  VALUE       VALUE  FROM      YEAR
                                                  NORMAL
..................................................................
TEMPERATURE (F)
 YESTERDAY
  MAXIMUM         79   1004 AM  95    1968  80     -1       81
  MINIMUM         61    339 AM  42    1936  59      2       61
  AVERAGE         70                        70      0       71

PRECIPITATION (IN)
  YESTERDAY        T             1.84 1954   0.07  -0.07     0.00
  MONTH TO DATE    3.43                      1.60   1.83     1.22
  SINCE MAR 1      5.04                      5.84  -0.80     2.29
  SINCE JAN 1     11.84                     11.36   0.48     6.30

SNOWFALL (IN)
  YESTERDAY        0.0
  MONTH TO DATE    T
  SINCE JUL 1      T

DEGREE DAYS
 HEATING
  YESTERDAY        0                         1     -1        0
  MONTH TO DATE    9                        23    -14       13
  SINCE MAR 1    148                       120     28       95
  SINCE JUL 1    645                       802   -157      401

 COOLING
  YESTERDAY        5                         5      0        6
  MONTH TO DATE   93                        84      9      124
  SINCE MAR 1    163                       161      2      245
  SINCE JAN 1    325                       226     99      365
..................................................................


WIND (MPH)
  HIGHEST WIND SPEED    22   HIGHEST WIND DIRECTION     N (10)
  HIGHEST GUST SPEED    29   HIGHEST GUST DIRECTION     N (10)
  AVERAGE WIND SPEED    10.9


SKY COVER
  AVERAGE SKY COVER 0.6


WEATHER CONDITIONS
 THE FOLLOWING WEATHER WAS RECORDED YESTERDAY.
  LIGHT RAIN
  FOG
  HAZE


RELATIVE HUMIDITY (PERCENT)
 HIGHEST   100           200 AM
 LOWEST     71          1000 AM
 AVERAGE    86

..........................................................


THE DAYTONA BEACH CLIMATE NORMALS FOR TODAY
                         NORMAL    RECORD    YEAR
 MAXIMUM TEMPERATURE (F)   80        89      2002
                                             1995
                                             1970
 MINIMUM TEMPERATURE (F)   59        44      1953


SUNRISE AND SUNSET
APRIL 21 2018.........SUNRISE   652 AM EDT   SUNSET   754 PM EDT
APRIL 22 2018.........SUNRISE   651 AM EDT   SUNSET   755 PM EDT


-  INDICATES NEGATIVE NUMBERS.
R  INDICATES RECORD WAS SET OR TIED.
MM INDICATES DATA IS MISSING.
T  INDICATES TRACE AMOUNT.




$$
