000
CDUS41 KRNK 220557
CLIDAN


CLIMATE REPORT
NATIONAL WEATHER SERVICE BLACKSBURG VA
155 AM EDT TUE MAY 22 2018


...................................

...THE DANVILLE VA CLIMATE SUMMARY FOR MAY 21 2018...

CLIMATE NORMAL PERIOD 1981 TO 2010
CLIMATE RECORD PERIOD 1948 TO 2018


WEATHER ITEM   OBSERVED TIME   RECORD YEAR NORMAL DEPARTURE LAST
                VALUE   (LST)  VALUE       VALUE  FROM      YEAR
                                                  NORMAL
..................................................................
TEMPERATURE (F)
 YESTERDAY
  MAXIMUM         84    242 PM  96    1996  78      6       67
  MINIMUM         63    513 AM  43    2002  57      6       58
  AVERAGE         74                        68      6       63

PRECIPITATION (IN)
  YESTERDAY        0.18          1.74 1980   0.13   0.05     0.11
  MONTH TO DATE    5.59                      2.50   3.09     3.05
  SINCE MAR 1     13.72                     10.07   3.65    13.24
  SINCE JAN 1     18.94                     16.50   2.44    18.01

SNOWFALL (IN)
  YESTERDAY        0.0                                       0.0
  MONTH TO DATE    0.0                                       0.0
  SINCE MAR 1      7.4                                        T
  SINCE JUL 1     21.1                                       8.8
  SNOW DEPTH       0

DEGREE DAYS
 HEATING
  YESTERDAY        0                         1     -1        2
  MONTH TO DATE    8                        59    -51       70
  SINCE MAR 1    930                       801    129      684
  SINCE JUL 1   3595                      3802   -207     3140

 COOLING
  YESTERDAY        9                         4      5        0
  MONTH TO DATE  130                        59     71       64
  SINCE MAR 1    145                        93     52      142
  SINCE JAN 1    145                        93     52      147
..................................................................


WIND (MPH)
  HIGHEST WIND SPEED    17   HIGHEST WIND DIRECTION    SW (220)
  HIGHEST GUST SPEED    24   HIGHEST GUST DIRECTION    SW (220)
  AVERAGE WIND SPEED     3.2


SKY COVER
  AVERAGE SKY COVER 0.4


WEATHER CONDITIONS
 THE FOLLOWING WEATHER WAS RECORDED YESTERDAY.
  THUNDERSTORM
  HEAVY RAIN
  RAIN
  LIGHT RAIN
  FOG


RELATIVE HUMIDITY (PERCENT)
 HIGHEST   100           300 AM
 LOWEST     69          1200 PM
 AVERAGE    85

..........................................................


THE DANVILLE VA CLIMATE NORMALS FOR TODAY
                         NORMAL    RECORD    YEAR
 MAXIMUM TEMPERATURE (F)   78        94      1996
 MINIMUM TEMPERATURE (F)   57        36      2002


SUNRISE AND SUNSET
MAY 22 2018...........SUNRISE   605 AM EDT   SUNSET   823 PM EDT
MAY 23 2018...........SUNRISE   605 AM EDT   SUNSET   824 PM EDT


-  INDICATES NEGATIVE NUMBERS.
R  INDICATES RECORD WAS SET OR TIED.
MM INDICATES DATA IS MISSING.
T  INDICATES TRACE AMOUNT.

REMARKS:
DUE TO MISSING DATA ON JANUARY 4-9, JANUARY 21-22, MARCH 2-3, AND
APRIL 26-27, ALL INFORMATION WILL BE CALCULATED WITHOUT DATA FROM
THESE DATES.


$$
