000
CDUS41 KILN 240532
CLIDAY


CLIMATE REPORT
NATIONAL WEATHER SERVICE WILMINGTON OH
132 AM EDT THU MAY 24 2018


...................................

...THE DAYTON OH CLIMATE SUMMARY FOR MAY 23 2018...

CLIMATE NORMAL PERIOD 1981 TO 2010
CLIMATE RECORD PERIOD 1869 TO 2018


WEATHER ITEM   OBSERVED TIME   RECORD YEAR NORMAL DEPARTURE LAST
                VALUE   (LST)  VALUE       VALUE  FROM      YEAR
                                                  NORMAL
..................................................................
TEMPERATURE (F)
 YESTERDAY
  MAXIMUM         77    530 PM  90    1939  73      4       73
  MINIMUM         59    210 AM  34    1963  54      5       49
  AVERAGE         68                        64      4       61

PRECIPITATION (IN)
  YESTERDAY        0.00          3.17 1989   0.16  -0.16     0.00
  MONTH TO DATE    1.53                      3.45  -1.92     3.99
  SINCE MAR 1      9.87                     10.88  -1.01    14.40
  SINCE JAN 1     18.18                     15.83   2.35    19.34

SNOWFALL (IN)
  YESTERDAY        0.0           0.0         0.0    0.0      0.0
  MONTH TO DATE    0.0                       0.0    0.0      0.0
  SINCE MAR 1      9.2                       4.0    5.2      1.3
  SINCE JUL 1     26.7                      23.3    3.4      8.5
  SNOW DEPTH       0

DEGREE DAYS
 HEATING
  YESTERDAY        0                         4     -4        4
  MONTH TO DATE   15                       143   -128      158
  SINCE MAR 1   1459                      1319    140     1123
  SINCE JUL 1   5567                      5594    -27     4553

 COOLING
  YESTERDAY        3                         3      0        0
  MONTH TO DATE  103                        35     68       39
  SINCE MAR 1    110                        45     65       72
  SINCE JAN 1    113                        45     68       72
..................................................................


WIND (MPH)
  RESULTANT WIND SPEED   7   RESULTANT WIND DIRECTION  NE (30)
  HIGHEST WIND SPEED    16   HIGHEST WIND DIRECTION     N (20)
  HIGHEST GUST SPEED    20   HIGHEST GUST DIRECTION     N (10)
  AVERAGE WIND SPEED     8.1



WEATHER CONDITIONS
 THE FOLLOWING WEATHER WAS RECORDED YESTERDAY.
  NO SIGNIFICANT WEATHER WAS OBSERVED.


RELATIVE HUMIDITY (PERCENT)
 HIGHEST   100           100 AM
 LOWEST     47           400 PM
 AVERAGE    74

..........................................................


THE DAYTON OH CLIMATE NORMALS FOR TODAY
                         NORMAL    RECORD    YEAR
 MAXIMUM TEMPERATURE (F)   74        90      1975
 MINIMUM TEMPERATURE (F)   54        36      1925


SUNRISE AND SUNSET
MAY 24 2018...........SUNRISE   615 AM EDT   SUNSET   853 PM EDT
MAY 25 2018...........SUNRISE   614 AM EDT   SUNSET   854 PM EDT


-  INDICATES NEGATIVE NUMBERS.
R  INDICATES RECORD WAS SET OR TIED.
MM INDICATES DATA IS MISSING.
T  INDICATES TRACE AMOUNT.




$$
