582
CDUS43 KDDC 222326
CLIDGC


CLIMATE REPORT
NATIONAL WEATHER SERVICE DODGE CITY KS
625 PM CDT SUN APR 22 2018


...................................

...THE DODGE CITY KS CLIMATE SUMMARY FOR APRIL 22 2018...
VALID TODAY AS OF 0500 PM LOCAL TIME.

CLIMATE NORMAL PERIOD 1981 TO 2010
CLIMATE RECORD PERIOD 1875 TO 2018


WEATHER ITEM   OBSERVED TIME   RECORD YEAR NORMAL DEPARTURE LAST
                VALUE   (LST)  VALUE       VALUE  FROM      YEAR
                                                  NORMAL
..................................................................
TEMPERATURE (F)
 TODAY
  MAXIMUM         63    433 PM 100    1989  70     -7       60
  MINIMUM         38    628 AM  26    1892  43     -5       37
  AVERAGE         51                        56     -5       49

PRECIPITATION (IN)
  TODAY            0.01          1.58 1933   0.06  -0.05     0.00
  MONTH TO DATE    0.64                      1.26  -0.62     4.50
  SINCE MAR 1      1.70                      2.85  -1.15     7.08
  SINCE JAN 1      1.85                      4.11  -2.26     9.65

SNOWFALL (IN)
  TODAY           MM             0.3  1907   0.0   MM        0.0
  MONTH TO DATE    1.7                       1.0    0.7      0.0
  SINCE MAR 1      2.7                       5.9   -3.2      0.0
  SINCE JUL 1      4.1                      21.0  -16.9      5.0
  SNOW DEPTH       0

DEGREE DAYS
 HEATING
  TODAY           14                        10      4       16
  MONTH TO DATE  405                       285    120      184
  SINCE MAR 1    934                       925      9      668
  SINCE JUL 1   4590                      4772   -182     3902

 COOLING
  TODAY            0                         1     -1        0
  MONTH TO DATE    7                         7      0       31
  SINCE MAR 1     11                         8      3       40
  SINCE JAN 1     11                         8      3       40
..................................................................


WIND (MPH)
  HIGHEST WIND SPEED    18   HIGHEST WIND DIRECTION    NE (30)
  HIGHEST GUST SPEED    25   HIGHEST GUST DIRECTION     N (340)
  AVERAGE WIND SPEED    11.6


SKY COVER
  POSSIBLE SUNSHINE  MM
  AVERAGE SKY COVER 0.7


WEATHER CONDITIONS
 THE FOLLOWING WEATHER WAS RECORDED TODAY.
  FOG


RELATIVE HUMIDITY (PERCENT)
 HIGHEST    96          1200 AM
 LOWEST     42           500 PM
 AVERAGE    69

..........................................................


THE DODGE CITY KS CLIMATE NORMALS FOR TOMORROW
                         NORMAL    RECORD    YEAR
 MAXIMUM TEMPERATURE (F)   70        97      1989
 MINIMUM TEMPERATURE (F)   43        24      2013
                                             1887


SUNRISE AND SUNSET
APRIL 22 2018.........SUNRISE   655 AM CDT   SUNSET   822 PM CDT
APRIL 23 2018.........SUNRISE   654 AM CDT   SUNSET   823 PM CDT


-  INDICATES NEGATIVE NUMBERS.
R  INDICATES RECORD WAS SET OR TIED.
MM INDICATES DATA IS MISSING.
T  INDICATES TRACE AMOUNT.




$$
