000
CDUS43 KBIS 260733
CLIDIK


CLIMATE REPORT
NATIONAL WEATHER SERVICE BISMARCK ND
233 AM CDT THU APR 26 2018


...................................

...THE DICKINSON ND CLIMATE SUMMARY FOR APRIL 25 2018...

CLIMATE NORMAL PERIOD 1981 TO 2010
CLIMATE RECORD PERIOD 1893 TO 2018


WEATHER ITEM   OBSERVED TIME   RECORD YEAR NORMAL DEPARTURE LAST
                VALUE   (LST)  VALUE       VALUE  FROM      YEAR
                                                  NORMAL
..................................................................
TEMPERATURE (F)
 YESTERDAY
  MAXIMUM         71    208 PM  82    1952  60     11       32
  MINIMUM         31    324 AM  13    1907  33     -2       25
  AVERAGE         51                        46      5       29

PRECIPITATION (IN)
  YESTERDAY        0.00          1.49 1899   0.06  -0.06      T
  MONTH TO DATE    0.73                      1.14  -0.41     0.50
  SINCE MAR 1      1.44                      1.83  -0.39     0.84
  SINCE JAN 1      1.62                      2.46  -0.84     1.15

DEGREE DAYS
 HEATING
  YESTERDAY       14                        19     -5       36
  MONTH TO DATE  819                       591    228      576
  SINCE MAR 1   1980                      1677    303     1589
  SINCE JUL 1   8498                      7971    527     7719

 COOLING
  YESTERDAY        0                         0      0        0
  MONTH TO DATE    0                         0      0        0
  SINCE MAR 1      0                         0      0        0
  SINCE JAN 1      0                         0      0        0
..................................................................


WIND (MPH)
  HIGHEST WIND SPEED    26   HIGHEST WIND DIRECTION    SW (220)
  HIGHEST GUST SPEED    34   HIGHEST GUST DIRECTION     W (250)
  AVERAGE WIND SPEED    15.6


SKY COVER
  POSSIBLE SUNSHINE  MM
  AVERAGE SKY COVER 0.0


WEATHER CONDITIONS
 THE FOLLOWING WEATHER WAS RECORDED YESTERDAY.
  NO SIGNIFICANT WEATHER WAS OBSERVED.


RELATIVE HUMIDITY (PERCENT)
 HIGHEST    82           400 AM
 LOWEST     12           200 PM
 AVERAGE    47

..........................................................


THE DICKINSON ND CLIMATE NORMALS FOR TODAY
                         NORMAL    RECORD    YEAR
 MAXIMUM TEMPERATURE (F)   60        87      1952
 MINIMUM TEMPERATURE (F)   33        16      1931


SUNRISE AND SUNSET
APRIL 26 2018.........SUNRISE   544 AM MDT   SUNSET   755 PM MDT
APRIL 27 2018.........SUNRISE   543 AM MDT   SUNSET   756 PM MDT


-  INDICATES NEGATIVE NUMBERS.
R  INDICATES RECORD WAS SET OR TIED.
MM INDICATES DATA IS MISSING.
T  INDICATES TRACE AMOUNT.




$$
