000
CDUS43 KDLH 262251
CLIDLH


CLIMATE REPORT
NATIONAL WEATHER SERVICE DULUTH MN
550 PM CDT SAT MAY 26 2018


...................................

...THE DULUTH CLIMATE SUMMARY FOR MAY 26 2018...
VALID TODAY AS OF 0500 PM LOCAL TIME.

CLIMATE NORMAL PERIOD 1981 TO 2010
CLIMATE RECORD PERIOD 1870 TO 2018


WEATHER ITEM   OBSERVED TIME   RECORD YEAR NORMAL DEPARTURE LAST
                VALUE   (LST)  VALUE       VALUE  FROM      YEAR
                                                  NORMAL
..................................................................
TEMPERATURE (F)
 TODAY
  MAXIMUM         92R   200 PM  85    2014  65     27       69
                                      1978
  MINIMUM         61        MM  28    1992  43     18       48
  AVERAGE         77                        54     23       59

PRECIPITATION (IN)
  TODAY            T             1.28 1959   0.11  -0.11     0.02
  MONTH TO DATE    0.67                      2.68  -2.01     3.80
  SINCE MAR 1      2.50                      6.60  -4.10     7.87
  SINCE JAN 1      4.86                      8.37  -3.51    10.83

SNOWFALL (IN)
  TODAY            0.0           T    1947   0.0    0.0      0.0
  MONTH TO DATE    0.0                       0.4   -0.4      0.8
  SINCE JUL 1     91.9                      86.1    5.8     67.0
  SNOW DEPTH       0

DEGREE DAYS
 HEATING
  TODAY            0                        11    -11        6
  MONTH TO DATE  252                       375   -123      401
  SINCE MAR 1   2407                      2347     60     2272
  SINCE JUL 1   9428                      9214    214     7962

 COOLING
  TODAY           12                         0     12        0
  MONTH TO DATE   34                         0     34        0
  SINCE MAR 1     34                         0     34        0
  SINCE JAN 1     34                         0     34        0
..................................................................


WIND (MPH)
  HIGHEST WIND SPEED    22   HIGHEST WIND DIRECTION     W (260)
  HIGHEST GUST SPEED    40   HIGHEST GUST DIRECTION     W (270)
  AVERAGE WIND SPEED    10.7


SKY COVER
  AVERAGE SKY COVER 0.2


WEATHER CONDITIONS
 THE FOLLOWING WEATHER WAS RECORDED TODAY.
  LIGHT RAIN


RELATIVE HUMIDITY (PERCENT)
 HIGHEST    90           400 AM
 LOWEST     21           100 PM
 AVERAGE    56

..........................................................


THE DULUTH CLIMATE NORMALS FOR TOMORROW
                         NORMAL    RECORD    YEAR
 MAXIMUM TEMPERATURE (F)   65        86      1969
 MINIMUM TEMPERATURE (F)   44        31      2008
                                             1971
                                             1907


SUNRISE AND SUNSET
MAY 26 2018...........SUNRISE   523 AM CDT   SUNSET   850 PM CDT
MAY 27 2018...........SUNRISE   522 AM CDT   SUNSET   851 PM CDT


-  INDICATES NEGATIVE NUMBERS.
R  INDICATES RECORD WAS SET OR TIED.
MM INDICATES DATA IS MISSING.
T  INDICATES TRACE AMOUNT.




$$
