000
CDUS45 KTFX 230754
CLIDLN


CLIMATE REPORT
NATIONAL WEATHER SERVICE GREAT FALLS MT
152 AM MDT MON APR 23 2018


...................................

...THE DILLON AIRPORT MT CLIMATE SUMMARY FOR APRIL 22 2018...

CLIMATE NORMAL PERIOD 1981 TO 2010
CLIMATE RECORD PERIOD 1929 TO 2018


WEATHER ITEM   OBSERVED TIME   RECORD YEAR NORMAL DEPARTURE LAST
                VALUE   (LST)  VALUE       VALUE  FROM      YEAR
                                                  NORMAL
..................................................................
TEMPERATURE (F)
 YESTERDAY
  MAXIMUM         65    230 PM  78    1987  57      8       61
  MINIMUM         29    514 AM  15    1968  30     -1       28
  AVERAGE         47                        43      4       45

PRECIPITATION (IN)
  YESTERDAY        0.17          0.63 1960   0.03   0.14     0.00
  MONTH TO DATE    1.32                      0.73   0.59     1.35
  SINCE OCT 1      3.99                      3.21   0.78     4.75
  SINCE JAN 1      2.86                      1.81   1.05     2.21

SNOWFALL (IN)
  YESTERDAY       MM
  SNOW DEPTH       0

DEGREE DAYS
 HEATING
  YESTERDAY       18                               -4       20
  MONTH TO DATE  582                               41      510
  SINCE MAR 1   1697                              206     1246
  SINCE JUL 1   7674                              266     7201

 COOLING
  YESTERDAY        0                                0        0
  MONTH TO DATE    0                                0        0
  SINCE MAR 1      0                                0        0
  SINCE JAN 1      0                                0        0
..................................................................


WIND (MPH)
  HIGHEST WIND SPEED    23   HIGHEST WIND DIRECTION     W (290)
  HIGHEST GUST SPEED    31   HIGHEST GUST DIRECTION     W (260)
  AVERAGE WIND SPEED     8.6


SKY COVER
  AVERAGE SKY COVER 0.4


WEATHER CONDITIONS
 THE FOLLOWING WEATHER WAS RECORDED YESTERDAY.
  LIGHT RAIN
  FOG
  HAZE


RELATIVE HUMIDITY (PERCENT)
 HIGHEST    89
 LOWEST     26
 AVERAGE    58

..........................................................


THE DILLON AIRPORT MT CLIMATE NORMALS FOR TODAY
                         NORMAL    RECORD    YEAR
 MAXIMUM TEMPERATURE (F)   57        78      1949
 MINIMUM TEMPERATURE (F)   30        13      2013


SUNRISE AND SUNSET
APRIL 23 2018.........SUNRISE   631 AM MDT   SUNSET   826 PM MDT
APRIL 24 2018.........SUNRISE   630 AM MDT   SUNSET   828 PM MDT


-  INDICATES NEGATIVE NUMBERS.
R  INDICATES RECORD WAS SET OR TIED.
MM INDICATES DATA IS MISSING.
T  INDICATES TRACE AMOUNT.




$$
