000
CDUS44 KEWX 250809
CLIDRT


CLIMATE REPORT
NATIONAL WEATHER SERVICE AUSTIN/SAN ANTONIO, TX
308 AM CDT FRI MAY 25 2018


...................................

...THE DEL RIO CLIMATE SUMMARY FOR MAY 24 2018...

CLIMATE NORMAL PERIOD 1981 TO 2010
CLIMATE RECORD PERIOD 1906 TO 2018


WEATHER ITEM   OBSERVED TIME   RECORD YEAR NORMAL DEPARTURE LAST
                VALUE   (LST)  VALUE       VALUE  FROM      YEAR
                                                  NORMAL
..................................................................
TEMPERATURE (F)
 YESTERDAY
  MAXIMUM         95    523 PM 109    2000  91      4       86
  MINIMUM         75    524 AM  49    1910  70      5       52
  AVERAGE         85                        81      4       69

PRECIPITATION (IN)
  YESTERDAY        0.00          7.12 2010   0.10  -0.10     0.00
  MONTH TO DATE    1.23                      2.09  -0.86     3.82
  SINCE MAR 1      1.37                      4.88  -3.51     9.97
  SINCE JAN 1      1.56                      6.48  -4.92    10.94

SNOWFALL (IN)
  YESTERDAY        0.0
  MONTH TO DATE    0.0
  SINCE MAR 1      0.0
  SINCE JUL 1      T

DEGREE DAYS
 HEATING
  YESTERDAY        0                         0      0        0
  MONTH TO DATE    0                         0      0        0
  SINCE MAR 1     39                       139   -100       47
  SINCE JUL 1   1270                      1375   -105      840

 COOLING
  YESTERDAY       20                        16      4        4
  MONTH TO DATE  396                       315     81      272
  SINCE MAR 1    755                       625    130      660
  SINCE JAN 1    797                       644    153      723
..................................................................


WIND (MPH)
  HIGHEST WIND SPEED    17   HIGHEST WIND DIRECTION    SE (120)
  HIGHEST GUST SPEED    26   HIGHEST GUST DIRECTION     E (100)
  AVERAGE WIND SPEED    10.7


SKY COVER
  AVERAGE SKY COVER 0.3


WEATHER CONDITIONS
 THE FOLLOWING WEATHER WAS RECORDED YESTERDAY.
  NO SIGNIFICANT WEATHER WAS OBSERVED.


RELATIVE HUMIDITY (PERCENT)
 HIGHEST    87           500 AM
 LOWEST     39           400 PM
 AVERAGE    63

..........................................................


THE DEL RIO CLIMATE NORMALS FOR TODAY
                         NORMAL    RECORD    YEAR
 MAXIMUM TEMPERATURE (F)   92       104      2011
 MINIMUM TEMPERATURE (F)   70        59      1952
                                             1940
                                             1910


SUNRISE AND SUNSET
MAY 25 2018...........SUNRISE   647 AM CDT   SUNSET   835 PM CDT
MAY 26 2018...........SUNRISE   646 AM CDT   SUNSET   836 PM CDT


-  INDICATES NEGATIVE NUMBERS.
R  INDICATES RECORD WAS SET OR TIED.
MM INDICATES DATA IS MISSING.
T  INDICATES TRACE AMOUNT.




$$
