000
CDUS45 KTWC 230028 RRA
CLIDUG

CLIMATE REPORT
NATIONAL WEATHER SERVICE TUCSON AZ
526 PM MST SUN APR 22 2018


...................................

...THE DOUGLAS AZ CLIMATE SUMMARY FOR APRIL 22 2018...
VALID TODAY AS OF 0500 PM LOCAL TIME.

CLIMATE NORMAL PERIOD 1981 TO 2010
CLIMATE RECORD PERIOD 1948 TO 2018


WEATHER ITEM   OBSERVED TIME   RECORD YEAR NORMAL DEPARTURE LAST
                VALUE   (LST)  VALUE       VALUE  FROM      YEAR
                                                  NORMAL
..................................................................
TEMPERATURE (F)
 TODAY
  MAXIMUM         86    355 PM  96    2012  81      5       91
  MINIMUM         50    438 AM  32    1983  45      5       39
  AVERAGE         68                        63      5       65

PRECIPITATION (IN)
  TODAY            T                         0.00   0.00     0.00
  MONTH TO DATE    T                         0.16  -0.16      T
  SINCE OCT 1      1.87                      4.60  -2.73     3.05
  SINCE JAN 1      1.04                      2.05  -1.01     1.70

DEGREE DAYS
 HEATING
  TODAY            0                         3     -3        0
  MONTH TO DATE   64                       118    -54       89
  SINCE MAR 1    331                       443   -112      270
  SINCE JUL 1   2006                      2479   -473     2063

 COOLING
  TODAY            3                         1      2        0
  MONTH TO DATE   28                        10     18       11
  SINCE MAR 1     35                        11     24       18
  SINCE JAN 1     35                        11     24       18
..................................................................


WIND (MPH)
  HIGHEST WIND SPEED    24   HIGHEST WIND DIRECTION     W (250)
  HIGHEST GUST SPEED    31   HIGHEST GUST DIRECTION     W (250)
  AVERAGE WIND SPEED     7.0


SKY COVER
  POSSIBLE SUNSHINE  MM
  AVERAGE SKY COVER 0.1


WEATHER CONDITIONS
 THE FOLLOWING WEATHER WAS RECORDED TODAY.
  NO SIGNIFICANT WEATHER WAS OBSERVED.


RELATIVE HUMIDITY (PERCENT)
 HIGHEST    24
 LOWEST     10
 AVERAGE    17

..........................................................


THE DOUGLAS AZ CLIMATE NORMALS FOR TOMORROW
                         NORMAL    RECORD    YEAR
 MAXIMUM TEMPERATURE (F)   82        96      2012
 MINIMUM TEMPERATURE (F)   45        28      1968


SUNRISE AND SUNSET
APRIL 22 2018.........SUNRISE   542 AM MST   SUNSET   652 PM MST
APRIL 23 2018.........SUNRISE   541 AM MST   SUNSET   653 PM MST


-  INDICATES NEGATIVE NUMBERS.
R  INDICATES RECORD WAS SET OR TIED.
MM INDICATES DATA IS MISSING.
T  INDICATES TRACE AMOUNT.




$$
