000
CDUS46 KOTX 220824
CLIEAT


CLIMATE REPORT
NATIONAL WEATHER SERVICE SPOKANE, WA
121 AM PDT SUN APR 22 2018


...................................

...THE WENATCHEE WA PANGBORN FIELD CLIMATE SUMMARY FOR APRIL 21 2018...

CLIMATE NORMAL PERIOD 1981 TO 2010
CLIMATE RECORD PERIOD 1959 TO 2018


WEATHER ITEM   OBSERVED TIME   RECORD YEAR NORMAL DEPARTURE LAST
                VALUE   (LST)  VALUE       VALUE  FROM      YEAR
                                                  NORMAL
..................................................................
TEMPERATURE (F)
 YESTERDAY
  MAXIMUM         60    108 PM  84    2009  64     -4       63
  MINIMUM         42   1158 PM  25    2008  42      0       40
  AVERAGE         51                        53     -2       52

PRECIPITATION (IN)
  YESTERDAY        0.00          0.21 1988   0.02  -0.02     0.00
  MONTH TO DATE    1.05                      0.33   0.72     2.14
  SINCE OCT 1      6.43                      5.79   0.64     9.00
  SINCE JAN 1      3.35                      2.84   0.51     6.18

DEGREE DAYS
 HEATING
  YESTERDAY       14                        12      2       13
  MONTH TO DATE  360                       301     59      357
  SINCE MAR 1   1057                       949    108     1095
  SINCE JUL 1   5475                      5413     62     5886

 COOLING
  YESTERDAY        0                         0      0        0
  MONTH TO DATE    0                         0      0        0
  SINCE MAR 1      0                         2     -2        0
  SINCE JAN 1      0                         2     -2        0
..................................................................


WIND (MPH)
  HIGHEST WIND SPEED    26   HIGHEST WIND DIRECTION    NW (310)
  HIGHEST GUST SPEED    32   HIGHEST GUST DIRECTION    NW (300)
  AVERAGE WIND SPEED    14.0


SKY COVER
  POSSIBLE SUNSHINE  MM
  AVERAGE SKY COVER 0.2


WEATHER CONDITIONS
 THE FOLLOWING WEATHER WAS RECORDED YESTERDAY.
  NO SIGNIFICANT WEATHER WAS OBSERVED.


RELATIVE HUMIDITY (PERCENT)
 HIGHEST    58           500 AM
 LOWEST     19           100 PM
 AVERAGE    39

..........................................................


THE WENATCHEE WA PANGBORN FIELD CLIMATE NORMALS FOR TODAY
                         NORMAL    RECORD    YEAR
 MAXIMUM TEMPERATURE (F)   64        82      2012
 MINIMUM TEMPERATURE (F)   42        30      2008


SUNRISE AND SUNSET
APRIL 22 2018.........SUNRISE   559 AM PDT   SUNSET   800 PM PDT
APRIL 23 2018.........SUNRISE   558 AM PDT   SUNSET   802 PM PDT


-  INDICATES NEGATIVE NUMBERS.
R  INDICATES RECORD WAS SET OR TIED.
MM INDICATES DATA IS MISSING.
T  INDICATES TRACE AMOUNT.




$$
