000
CDUS42 KAKQ 270539
CLIECG


CLIMATE REPORT
NATIONAL WEATHER SERVICE WAKEFIELD, VA
129 AM EDT SUN MAY 27 2018


...................................

...THE ELIZABETH CITY NC CLIMATE SUMMARY FOR MAY 26 2018...

CLIMATE NORMAL PERIOD 1981 TO 2010
CLIMATE RECORD PERIOD 1934 TO 2018


WEATHER ITEM   OBSERVED TIME   RECORD YEAR NORMAL DEPARTURE LAST
                VALUE   (LST)  VALUE       VALUE  FROM      YEAR
                                                  NORMAL
..................................................................
TEMPERATURE (F)
 YESTERDAY
  MAXIMUM         87    412 PM  95    1953  80      7       81
  MINIMUM         72    529 AM  42    2013  60     12       63
  AVERAGE         80                        70     10       72

PRECIPITATION (IN)
  YESTERDAY        0.00          1.79 1965   0.13  -0.13     0.00
  MONTH TO DATE    5.26                      2.94   2.32     5.29
  SINCE MAR 1     13.79                     10.06   3.73    11.60
  SINCE JAN 1     20.43                     16.50   3.93    16.21

SNOWFALL (IN)
  YESTERDAY        0.0           T    1949  MM     MM
  MONTH TO DATE    0.0                      MM     MM
  SINCE NOV 1      6.8                      MM     MM
  SINCE JUL 1      6.8                      MM     MM
  SNOW DEPTH       0

DEGREE DAYS
 HEATING
  YESTERDAY        0                         1     -1        0
  MONTH TO DATE    8                        64    -56       34
  SINCE MAR 1    812                       753     59      592
  SINCE JUL 1   3103                      3225   -122     2687

 COOLING
  YESTERDAY       15                         6      9        7
  MONTH TO DATE  225                        90    135      108
  SINCE MAR 1    247                       130    117      239
  SINCE JAN 1    276                       132    144      242
..................................................................


WIND (MPH)
  HIGHEST WIND SPEED    18   HIGHEST WIND DIRECTION    SW (210)
  HIGHEST GUST SPEED    24   HIGHEST GUST DIRECTION    SW (220)
  AVERAGE WIND SPEED    11.0


SKY COVER
  POSSIBLE SUNSHINE  MM
  AVERAGE SKY COVER 0.1


WEATHER CONDITIONS
 THE FOLLOWING WEATHER WAS RECORDED YESTERDAY.
  NO SIGNIFICANT WEATHER WAS OBSERVED.


RELATIVE HUMIDITY (PERCENT)
 HIGHEST   100           400 AM
 LOWEST     59           300 PM
 AVERAGE    80

..........................................................


THE ELIZABETH CITY NC CLIMATE NORMALS FOR TODAY
                         NORMAL    RECORD    YEAR
 MAXIMUM TEMPERATURE (F)   80        97      1941
 MINIMUM TEMPERATURE (F)   60        38      1997


SUNRISE AND SUNSET
MAY 27 2018...........SUNRISE   551 AM EDT   SUNSET   813 PM EDT
MAY 28 2018...........SUNRISE   550 AM EDT   SUNSET   814 PM EDT


-  INDICATES NEGATIVE NUMBERS.
R  INDICATES RECORD WAS SET OR TIED.
MM INDICATES DATA IS MISSING.
T  INDICATES TRACE AMOUNT.




$$
