000
CDUS41 KRLX 250716
CLIEKN


CLIMATE REPORT
NATIONAL WEATHER SERVICE CHARLESTON WV
315 AM EDT FRI MAY 25 2018


...................................

...THE ELKINS WV CLIMATE SUMMARY FOR MAY 24 2018...

CLIMATE NORMAL PERIOD 1981 TO 2010
CLIMATE RECORD PERIOD 1899 TO 2018


WEATHER ITEM   OBSERVED TIME   RECORD YEAR NORMAL DEPARTURE LAST
                VALUE   (LST)  VALUE       VALUE  FROM      YEAR
                                                  NORMAL
..................................................................
TEMPERATURE (F)
 YESTERDAY
  MAXIMUM         83    457 PM  85    1991  72     11       66
                                      1944
                                      1939
  MINIMUM         52   1241 AM  31    1963  48      4       56
                                      1905
  AVERAGE         68                        60      8       61

PRECIPITATION (IN)
  YESTERDAY        0.00          1.44 1979   0.18  -0.18     0.19
  MONTH TO DATE    7.51                      3.96   3.55     2.96
  SINCE JAN 1     27.71                     18.05   9.66    19.30

SNOWFALL (IN)
  YESTERDAY        0.0           0.0  2017   0.0    0.0      0.0
  MONTH TO DATE    0.0                       0.0    0.0      0.0
  SINCE SEP 1     65.0                      83.5  -18.5     44.5
  SNOW DEPTH       0

DEGREE DAYS
 HEATING
  YESTERDAY        0                         6     -6        4
  MONTH TO DATE   46                       201   -155      182
  SINCE MAR 1   1524                      1443     81     1172
  SINCE JUL 1   5476                      5764   -288     4575

 COOLING
  YESTERDAY        3                         1      2        0
  MONTH TO DATE   61                        11     50       29
  SINCE MAR 1     62                        14     48       39
  SINCE JAN 1     62                        14     48       39
..................................................................


WIND (MPH)
  HIGHEST WIND SPEED     9   HIGHEST WIND DIRECTION     N (10)
  HIGHEST GUST SPEED    15   HIGHEST GUST DIRECTION     N (10)
  AVERAGE WIND SPEED     1.5


SKY COVER
  POSSIBLE SUNSHINE  MM
  AVERAGE SKY COVER 0.4


WEATHER CONDITIONS
 THE FOLLOWING WEATHER WAS RECORDED YESTERDAY.
  FOG
  FOG W/VISIBILITY <= 1/4 MILE


RELATIVE HUMIDITY (PERCENT)
 HIGHEST   100           200 AM
 LOWEST     31           500 PM
 AVERAGE    66

..........................................................


THE ELKINS WV CLIMATE NORMALS FOR TODAY
                         NORMAL    RECORD    YEAR
 MAXIMUM TEMPERATURE (F)   73        90      1914
 MINIMUM TEMPERATURE (F)   48        30      1956


SUNRISE AND SUNSET
MAY 25 2018...........SUNRISE   559 AM EDT   SUNSET   834 PM EDT
MAY 26 2018...........SUNRISE   559 AM EDT   SUNSET   834 PM EDT


-  INDICATES NEGATIVE NUMBERS.
R  INDICATES RECORD WAS SET OR TIED.
MM INDICATES DATA IS MISSING.
T  INDICATES TRACE AMOUNT.




$$
