000
CDUS45 KLKN 200928
CLIEKO


CLIMATE REPORT
NATIONAL WEATHER SERVICE ELKO NV
228 AM PDT FRI APR 20 2018


...................................

...THE ELKO AIRPORT NV CLIMATE SUMMARY FOR APRIL 19 2018...

CLIMATE NORMAL PERIOD 1981 TO 2010
CLIMATE RECORD PERIOD 1888 TO 2018


WEATHER ITEM   OBSERVED TIME   RECORD YEAR NORMAL DEPARTURE LAST
                VALUE   (LST)  VALUE       VALUE  FROM      YEAR
                                                  NORMAL
..................................................................
TEMPERATURE (F)
 YESTERDAY
  MAXIMUM         52    329 PM  83    1962  60     -8       60
  MINIMUM         37    552 AM  14    1895  31      6       35
  AVERAGE         45                        46     -1       48

PRECIPITATION (IN)
  YESTERDAY        0.06          0.45 2001   0.03   0.03      T
  MONTH TO DATE    0.93                      0.61   0.32     0.99
  SINCE OCT 1      5.60                      6.63  -1.03    11.96
  SINCE JAN 1      3.90                      3.57   0.33     6.33

SNOWFALL (IN)
  YESTERDAY        0.0           4.3  1963   0.1   -0.1      0.0
  MONTH TO DATE    0.5                       2.5   -2.0       T
  SINCE MAR 1     14.3                       7.6    6.7      1.9
  SINCE JUL 1     28.2                      40.1  -11.9     53.3
  SNOW DEPTH       0

DEGREE DAYS
 HEATING
  YESTERDAY       20                        19      1       17
  MONTH TO DATE  378                       401    -23      367
  SINCE MAR 1   1246                      1210     36     1002
  SINCE JUL 1   5888                      6378   -490     5738

 COOLING
  YESTERDAY        0                         0      0        0
  MONTH TO DATE    0                         0      0        0
  SINCE MAR 1      0                         0      0        0
  SINCE JAN 1      0                         0      0        0
..................................................................


WIND (MPH)
  HIGHEST WIND SPEED    22   HIGHEST WIND DIRECTION     N (340)
  HIGHEST GUST SPEED    33   HIGHEST GUST DIRECTION     N (10)
  AVERAGE WIND SPEED     8.2



WEATHER CONDITIONS
 THE FOLLOWING WEATHER WAS RECORDED YESTERDAY.
  LIGHT RAIN


RELATIVE HUMIDITY (PERCENT)
 HIGHEST    70           500 AM
 LOWEST     33          1200 AM
 AVERAGE    52

..........................................................


THE ELKO AIRPORT NV CLIMATE NORMALS FOR TODAY
                         NORMAL    RECORD    YEAR
 MAXIMUM TEMPERATURE (F)   61        82      1994
                                             1915
 MINIMUM TEMPERATURE (F)   32        12      1966


SUNRISE AND SUNSET
APRIL 20 2018.........SUNRISE   557 AM PDT   SUNSET   728 PM PDT
APRIL 21 2018.........SUNRISE   555 AM PDT   SUNSET   729 PM PDT


-  INDICATES NEGATIVE NUMBERS.
R  INDICATES RECORD WAS SET OR TIED.
MM INDICATES DATA IS MISSING.
T  INDICATES TRACE AMOUNT.




$$
