000
CDUS46 KOTX 230821
CLIEPH


CLIMATE REPORT
NATIONAL WEATHER SERVICE SPOKANE, WA
121 AM PDT MON APR 23 2018


...................................

...THE EPHRATA WA AIRPORT CLIMATE SUMMARY FOR APRIL 22 2018...

CLIMATE NORMAL PERIOD 1981 TO 2010
CLIMATE RECORD PERIOD 9999 TO 9999


WEATHER ITEM   OBSERVED TIME   RECORD YEAR NORMAL DEPARTURE LAST
                VALUE   (LST)  VALUE       VALUE  FROM      YEAR
                                                  NORMAL
..................................................................
TEMPERATURE (F)
 YESTERDAY
  MAXIMUM         63    436 PM  83    2012  65     -2       66
  MINIMUM         36    224 AM  28    2008  39     -3       44
                                      1985
  AVERAGE         50                        52     -2       55

PRECIPITATION (IN)
  YESTERDAY        0.00          0.32 2014   0.01  -0.01     0.00
  MONTH TO DATE    1.06                      0.37   0.69     1.35
  SINCE OCT 1      5.95                      5.53   0.42     8.34
  SINCE JAN 1      3.37                      2.70   0.67     4.74

SNOWFALL (IN)
  YESTERDAY       MM

DEGREE DAYS
 HEATING
  YESTERDAY       15                        13      2       10
  MONTH TO DATE  355                       343     12      350
  SINCE MAR 1   1028                      1027      1     1032
  SINCE JUL 1   5262                      5600   -338     5810

 COOLING
  YESTERDAY        0                         0      0        0
  MONTH TO DATE    0                         0      0        0
  SINCE MAR 1      0                         0      0        0
  SINCE JAN 1      0                         0      0        0
..................................................................


WIND (MPH)
  HIGHEST WIND SPEED    18   HIGHEST WIND DIRECTION     N (10)
  HIGHEST GUST SPEED    23   HIGHEST GUST DIRECTION    NW (330)
  AVERAGE WIND SPEED     8.1


SKY COVER
  POSSIBLE SUNSHINE  MM
  AVERAGE SKY COVER 0.1


WEATHER CONDITIONS
 THE FOLLOWING WEATHER WAS RECORDED YESTERDAY.
  NO SIGNIFICANT WEATHER WAS OBSERVED.


RELATIVE HUMIDITY (PERCENT)
 HIGHEST    59           500 AM
 LOWEST     14           400 PM
 AVERAGE    37

..........................................................


THE EPHRATA WA AIRPORT CLIMATE NORMALS FOR TODAY
                         NORMAL    RECORD    YEAR
 MAXIMUM TEMPERATURE (F)   65        87      2012
                                             1977
 MINIMUM TEMPERATURE (F)   39        30      2013
                                             2011
                                             2000


SUNRISE AND SUNSET
APRIL 23 2018.........SUNRISE   555 AM PDT   SUNSET   759 PM PDT
APRIL 24 2018.........SUNRISE   553 AM PDT   SUNSET   800 PM PDT


-  INDICATES NEGATIVE NUMBERS.
R  INDICATES RECORD WAS SET OR TIED.
MM INDICATES DATA IS MISSING.
T  INDICATES TRACE AMOUNT.




$$
