000
CDUS42 KMFL 242017
CLIFLL


CLIMATE REPORT
NATIONAL WEATHER SERVICE MIAMI, FL
417 PM EDT TUE APR 24 2018


...................................

...THE FORT LAUDERDALE CLIMATE SUMMARY FOR APRIL 24 2018...
VALID TODAY AS OF 0400 PM LOCAL TIME.

CLIMATE NORMAL PERIOD 1981 TO 2010
CLIMATE RECORD PERIOD 1912 TO 2018


WEATHER ITEM   OBSERVED TIME   RECORD YEAR NORMAL DEPARTURE LAST
                VALUE   (LST)  VALUE       VALUE  FROM      YEAR
                                                  NORMAL
..................................................................
TEMPERATURE (F)
 TODAY
  MAXIMUM         91    119 PM  92    1971  84      7       89
  MINIMUM         74    620 AM  56    1998  71      3       68
  AVERAGE         83                        77      6       79

PRECIPITATION (IN)
  TODAY            0.00          7.60 1982   0.09  -0.09     0.00
  MONTH TO DATE    1.23                      2.46  -1.23     4.00
  SINCE NOV 1     11.98                     18.11  -6.13    13.41
  SINCE JAN 1      5.35                     12.41  -7.06     8.78

SNOWFALL (IN)
  TODAY            0.0
  MONTH TO DATE    0.0
  SINCE MAR 1      0.0
  SINCE JUL 1      0.0
  SNOW DEPTH       0

DEGREE DAYS
 HEATING
  TODAY            0                         0      0        0
  MONTH TO DATE    0                         0      0        0
  SINCE MAR 1     15                         9      6        6
  SINCE JUL 1    141                       111     30       35

 COOLING
  TODAY           18                        12      6       14
  MONTH TO DATE  298                       261     37      291
  SINCE MAR 1    484                       515    -31      544
  SINCE JAN 1    908                       871     37     1000
..................................................................


WIND (MPH)
  HIGHEST WIND SPEED    18   HIGHEST WIND DIRECTION     S (190)
  HIGHEST GUST SPEED    23   HIGHEST GUST DIRECTION     S (200)
  AVERAGE WIND SPEED     6.8


SKY COVER
  AVERAGE SKY COVER 0.3


WEATHER CONDITIONS
 THE FOLLOWING WEATHER WAS RECORDED TODAY.
  NO SIGNIFICANT WEATHER WAS OBSERVED.


RELATIVE HUMIDITY (PERCENT)
 HIGHEST   100
 LOWEST     55
 AVERAGE    78

..........................................................


THE FORT LAUDERDALE CLIMATE NORMALS FOR TOMORROW
                         NORMAL    RECORD    YEAR
 MAXIMUM TEMPERATURE (F)   84        94      1971
 MINIMUM TEMPERATURE (F)   71        55      2005


SUNRISE AND SUNSET
APRIL 24 2018.........SUNRISE   649 AM EDT   SUNSET   749 PM EDT
APRIL 25 2018.........SUNRISE   648 AM EDT   SUNSET   749 PM EDT


-  INDICATES NEGATIVE NUMBERS.
R  INDICATES RECORD WAS SET OR TIED.
MM INDICATES DATA IS MISSING.
T  INDICATES TRACE AMOUNT.




$$
