104
CDUS42 KTBW 222117
CLIFMY


CLIMATE REPORT
NATIONAL WEATHER SERVICE TAMPA BAY FL
515 PM EDT SUN APR 22 2018


...................................

...THE FORT MYERS CLIMATE SUMMARY FOR APRIL 22 2018...
VALID TODAY AS OF 0500 PM LOCAL TIME.

CLIMATE NORMAL PERIOD 1981 TO 2010
CLIMATE RECORD PERIOD 1902 TO 2018


WEATHER ITEM   OBSERVED TIME   RECORD YEAR NORMAL DEPARTURE LAST
                VALUE   (LST)  VALUE       VALUE  FROM      YEAR
                                                  NORMAL
..................................................................
TEMPERATURE (F)
 TODAY
  MAXIMUM         91    214 PM  94    1944  86      5       MM
  MINIMUM         71    625 AM  47    1910  64      7       MM
  AVERAGE         81                        75      6       MM

PRECIPITATION (IN)
  TODAY            0.00          1.50 1959   0.07  -0.07     0.35
  MONTH TO DATE    0.98                      1.63  -0.65     0.39
  SINCE MAR 1      1.49                      4.51  -3.02     0.55
  SINCE JAN 1      3.53                      8.60  -5.07     2.80

DEGREE DAYS
 HEATING
  TODAY            0                         0      0       MM
  MONTH TO DATE    0                         0      0        0
  SINCE MAR 1     22                        24     -2       11
  SINCE JUL 1    208                       284    -76       76

 COOLING
  TODAY           16                        10      6       MM
  MONTH TO DATE  264                       184     80      133
  SINCE MAR 1    410                       360     50      376
  SINCE JAN 1    774                       545    229      718
..................................................................


WIND (MPH)
  RESULTANT WIND SPEED   6   RESULTANT WIND DIRECTION   E (110)
  HIGHEST WIND SPEED    21   HIGHEST WIND DIRECTION     S (190)
  HIGHEST GUST SPEED    29   HIGHEST GUST DIRECTION     S (170)
  AVERAGE WIND SPEED     8.6


SKY COVER
  POSSIBLE SUNSHINE  MM
  AVERAGE SKY COVER 0.5


WEATHER CONDITIONS
 THE FOLLOWING WEATHER WAS RECORDED TODAY.
  THUNDERSTORM
  FOG


RELATIVE HUMIDITY (PERCENT)
 HIGHEST    93           100 AM
 LOWEST     41           100 PM

..........................................................


THE FORT MYERS CLIMATE NORMALS FOR TOMORROW
                         NORMAL    RECORD    YEAR
 MAXIMUM TEMPERATURE (F)   86        94      1944
 MINIMUM TEMPERATURE (F)   64        50      1993


SUNRISE AND SUNSET
APRIL 22 2018.........SUNRISE   657 AM EDT   SUNSET   755 PM EDT
APRIL 23 2018.........SUNRISE   656 AM EDT   SUNSET   756 PM EDT


-  INDICATES NEGATIVE NUMBERS.
R  INDICATES RECORD WAS SET OR TIED.
MM INDICATES DATA IS MISSING.
T  INDICATES TRACE AMOUNT.




$$


&&
------------------------------------------------------------------
******************** SUPPLEMENTAL DATA ***************************

...GULF WATER TEMPERATURE AT FORT MYERS BEACH 80 DEGREES
