536
CDUS44 KTSA 222121
CLIFSM

CLIMATE REPORT
NATIONAL WEATHER SERVICE TULSA OK
417 PM CDT SUN APR 22 2018


...................................

...THE FORT SMITH ARKANSAS CLIMATE SUMMARY FOR APRIL 22 2018...
VALID TODAY AS OF 0400 PM LOCAL TIME.

CLIMATE NORMAL PERIOD 1981 TO 2010
CLIMATE RECORD PERIOD 1882 TO 2018


WEATHER ITEM   OBSERVED TIME   RECORD YEAR NORMAL DEPARTURE LAST
                VALUE   (LST)  VALUE       VALUE  FROM      YEAR
                                                  NORMAL
..................................................................
TEMPERATURE (F)
 TODAY
  MAXIMUM         57    121 AM  92    1989  75    -18       61
                                      1965
                                      1955
  MINIMUM         51    853 AM  33    1982  52     -1       51
  AVERAGE         54                        64    -10       56

PRECIPITATION (IN)
  TODAY            0.61          4.30 1885   0.15   0.46     0.02
  MONTH TO DATE    3.35                      3.02   0.33     3.83
  SINCE MAR 1      6.42                      6.87  -0.45     7.58
  SINCE JAN 1     15.68                     12.44   3.24    12.40

SNOWFALL (IN)
  TODAY            0.0                                       0.0
  MONTH TO DATE    0.0                                       0.0
  SINCE MAR 1      0.0                                       0.0
  SINCE JUL 1      T                                         2.0

DEGREE DAYS
 HEATING
  TODAY           11                         4      7        9
  MONTH TO DATE  238                       132    106       44
  SINCE MAR 1    550                       518     32      305
  SINCE JUL 1   3025                      3191   -166     2214

 COOLING
  TODAY            0                         2     -2        0
  MONTH TO DATE    7                        34    -27       70
  SINCE MAR 1     13                        45    -32      104
  SINCE JAN 1     15                        46    -31      120
..................................................................


WIND (MPH)
  HIGHEST WIND SPEED    20   HIGHEST WIND DIRECTION     W (270)
  HIGHEST GUST SPEED    23   HIGHEST GUST DIRECTION     W (270)
  AVERAGE WIND SPEED    12.6


SKY COVER
  POSSIBLE SUNSHINE  MM
  AVERAGE SKY COVER 0.7


WEATHER CONDITIONS
 THE FOLLOWING WEATHER WAS RECORDED TODAY.
  THUNDERSTORM
  HEAVY RAIN
  RAIN
  LIGHT RAIN
  FOG


RELATIVE HUMIDITY (PERCENT)
 HIGHEST   100           500 AM
 LOWEST     89          1200 PM
 AVERAGE    95

..........................................................


THE FORT SMITH ARKANSAS CLIMATE NORMALS FOR TOMORROW
                         NORMAL    RECORD    YEAR
 MAXIMUM TEMPERATURE (F)   76        91      1965
                                             1964
 MINIMUM TEMPERATURE (F)   52        36      1893
                                             1884


SUNRISE AND SUNSET
APRIL 22 2018.........SUNRISE   636 AM CDT   SUNSET   756 PM CDT
APRIL 23 2018.........SUNRISE   635 AM CDT   SUNSET   757 PM CDT


-  INDICATES NEGATIVE NUMBERS.
R  INDICATES RECORD WAS SET OR TIED.
MM INDICATES DATA IS MISSING.
T  INDICATES TRACE AMOUNT.




$$

&&
...........................................................

THE ARKANSAS RIVER AT VAN BUREN

                   OBSERVED      24 HOUR     24 HOUR
                    VALUE        CHANGE      FORECAST

 STAGE (FEET)
  THIS AFTERNOON     19.6         +0.5

 MEAN FLOW (CFS)
  TODAY                                        924
...........................................................
ALL DATA MEASURED AT THE FORT SMITH REGIONAL AIRPORT
