000
CDUS46 KSGX 220022
CLIFUL


CLIMATE REPORT
NATIONAL WEATHER SERVICE SAN DIEGO, CA
522 PM PDT SAT APR 21 2018


...................................

...THE FULLERTON AIRPORT CA CLIMATE SUMMARY FOR APRIL 21 2018...
VALID TODAY AS OF 0500 PM LOCAL TIME.

CLIMATE NORMAL PERIOD 1981 TO 2010
CLIMATE RECORD PERIOD 1998 TO 2018


WEATHER ITEM   OBSERVED TIME   RECORD YEAR NORMAL DEPARTURE LAST
                VALUE   (LST)  VALUE       VALUE  FROM      YEAR
                                                  NORMAL
..................................................................
TEMPERATURE (F)
 TODAY
  MAXIMUM         89   1230 PM  94    2009  74     15       91
  MINIMUM         53    535 AM  46    2007  53      0       56
  AVERAGE         71                        63      8       74

PRECIPITATION (IN)
  TODAY            0.00          0.08 2001   0.03  -0.03     0.00
  MONTH TO DATE    0.02                      0.61  -0.59     0.03
  SINCE OCT 1      3.07                     12.95  -9.88    16.37
  SINCE JAN 1      2.99                      9.05  -6.06    10.46

DEGREE DAYS
 HEATING
  TODAY            0                         3     -3        0
  MONTH TO DATE   28                        80    -52       15
  SINCE MAR 1    160                       250    -90       72
  SINCE JUL 1    610                      1172   -562      769

 COOLING
  TODAY            6                         1      5        9
  MONTH TO DATE   43                        18     25       40
  SINCE MAR 1     46                        31     15       78
  SINCE JAN 1     83                        40     43       81
..................................................................


WIND (MPH)
  RESULTANT WIND SPEED   1   RESULTANT WIND DIRECTION   S (160)
  HIGHEST WIND SPEED    13   HIGHEST WIND DIRECTION    SW (210)
  HIGHEST GUST SPEED    17   HIGHEST GUST DIRECTION    SW (220)
  AVERAGE WIND SPEED     2.4


SKY COVER
  POSSIBLE SUNSHINE  MM
  AVERAGE SKY COVER 0.0


WEATHER CONDITIONS
 THE FOLLOWING WEATHER WAS RECORDED TODAY.
  NO SIGNIFICANT WEATHER WAS OBSERVED.


RELATIVE HUMIDITY (PERCENT)
 HIGHEST    89           600 AM
 LOWEST     21          1200 PM
 AVERAGE    55

..........................................................


THE FULLERTON AIRPORT CA CLIMATE NORMALS FOR TOMORROW
                         NORMAL    RECORD    YEAR
 MAXIMUM TEMPERATURE (F)   74        91      2017
 MINIMUM TEMPERATURE (F)   53        46      2010


SUNRISE AND SUNSET
APRIL 21 2018.........SUNRISE   614 AM PDT   SUNSET   728 PM PDT
APRIL 22 2018.........SUNRISE   613 AM PDT   SUNSET   729 PM PDT


-  INDICATES NEGATIVE NUMBERS.
R  INDICATES RECORD WAS SET OR TIED.
MM INDICATES DATA IS MISSING.
T  INDICATES TRACE AMOUNT.




$$
