000
CDUS41 KCAR 260547
CLIFVE


CLIMATE REPORT
NATIONAL WEATHER SERVICE CARIBOU, ME
146 AM EDT THU APR 26 2018


...................................

...THE FRENCHVILLE ME CLIMATE SUMMARY FOR APRIL 25 2018...

CLIMATE NORMAL PERIOD 1981 TO 2010
CLIMATE RECORD PERIOD 9999 TO 9999


WEATHER ITEM   OBSERVED TIME   RECORD YEAR NORMAL DEPARTURE LAST
                VALUE   (LST)  VALUE       VALUE  FROM      YEAR
                                                  NORMAL
..................................................................
TEMPERATURE (F)
 YESTERDAY
  MAXIMUM         59    408 PM              51      8
  MINIMUM         42    606 AM              33      9
  AVERAGE         51                        42      9

PRECIPITATION (IN)
  YESTERDAY        0.34         MM      MM   0.09   0.25     0.08
  MONTH TO DATE    1.90                      2.35  -0.45     1.91
  SINCE MAR 1      2.85                      3.83  -0.98     3.48
  SINCE JAN 1      5.23                      6.40  -1.17     6.10

SNOWFALL (IN)
  YESTERDAY       MM            MM      MM  MM     MM       MM
  MONTH TO DATE   MM                        MM     MM       MM
  SINCE MAR 1     MM                        MM     MM       MM
  SINCE JUL 1     MM                        MM     MM       MM
  SNOW DEPTH      MM

DEGREE DAYS
 HEATING
  YESTERDAY       14                               -9
  MONTH TO DATE  803                               71
  SINCE JUL 1   8767                             -256

 COOLING
  YESTERDAY        0                                0
  MONTH TO DATE    0                                0
  SINCE JAN 1      0                                0
..................................................................


WIND (MPH)
  HIGHEST WIND SPEED    16   HIGHEST WIND DIRECTION     S (200)
  HIGHEST GUST SPEED    23   HIGHEST GUST DIRECTION     S (180)
  AVERAGE WIND SPEED     9.2




..........................................................


THE FRENCHVILLE ME CLIMATE NORMALS FOR TODAY
                         NORMAL
 MAXIMUM TEMPERATURE (F)   51
 MINIMUM TEMPERATURE (F)   34


SUNRISE AND SUNSET
APRIL 26 2018.........SUNRISE   525 AM EDT   SUNSET   738 PM EDT
APRIL 27 2018.........SUNRISE   524 AM EDT   SUNSET   739 PM EDT


-  INDICATES NEGATIVE NUMBERS.
R  INDICATES RECORD WAS SET OR TIED.
MM INDICATES DATA IS MISSING.
T  INDICATES TRACE AMOUNT.




$$
