000
CDUS43 KIWX 190527
CLIFWA


CLIMATE REPORT
NATIONAL WEATHER SERVICE NORTHERN INDIANA
126 AM EDT THU APR 19 2018


...................................

...THE FORT WAYNE CLIMATE SUMMARY FOR APRIL 18 2018...

CLIMATE NORMAL PERIOD 1981 TO 2010
CLIMATE RECORD PERIOD 1897 TO 2018


WEATHER ITEM   OBSERVED TIME   RECORD YEAR NORMAL DEPARTURE LAST
                VALUE   (LST)  VALUE       VALUE  FROM      YEAR
                                                  NORMAL
..................................................................
TEMPERATURE (F)
 YESTERDAY
  MAXIMUM         44    547 PM  87    2002  62    -18       75
  MINIMUM         24    528 AM  23    1990  40    -16       43
  AVERAGE         34                        51    -17       59

PRECIPITATION (IN)
  YESTERDAY        0.03          0.97 1978   0.12  -0.09     0.00
  MONTH TO DATE    2.01                      2.16  -0.15     2.13
  SINCE MAR 1      4.85                      4.87  -0.02     5.94
  SINCE JAN 1     10.47                      9.17   1.30    12.41

SNOWFALL (IN)
  YESTERDAY        0.0           0.3  1956   0.1   -0.1      0.0
  MONTH TO DATE    1.6                       0.9    0.7      0.4
  SINCE MAR 1      3.7                       5.0   -1.3      3.4
  SINCE JUL 1     31.9                      33.4   -1.5     18.5
  SNOW DEPTH       0

DEGREE DAYS
 HEATING
  YESTERDAY       31                        14     17        6
  MONTH TO DATE  443                       313    130      212
  SINCE MAR 1   1325                      1139    186      996
  SINCE JUL 1   5653                      5737    -84     4690

 COOLING
  YESTERDAY        0                         0      0        0
  MONTH TO DATE    1                         0      1        6
  SINCE MAR 1      1                         0      1        6
  SINCE JAN 1      1                         0      1        6
..................................................................


WIND (MPH)
  HIGHEST WIND SPEED    20   HIGHEST WIND DIRECTION     E (80)
  HIGHEST GUST SPEED    23   HIGHEST GUST DIRECTION     E (80)
  AVERAGE WIND SPEED     7.8


SKY COVER
  AVERAGE SKY COVER 0.6


WEATHER CONDITIONS
 THE FOLLOWING WEATHER WAS RECORDED YESTERDAY.
  LIGHT RAIN
  FOG


RELATIVE HUMIDITY (PERCENT)
 HIGHEST    85          1200 AM
 LOWEST     62           100 PM
 AVERAGE    74

..........................................................


THE FORT WAYNE CLIMATE NORMALS FOR TODAY
                         NORMAL    RECORD    YEAR
 MAXIMUM TEMPERATURE (F)   63        86      1985
 MINIMUM TEMPERATURE (F)   40        21      1983


SUNRISE AND SUNSET
APRIL 19 2018.........SUNRISE   656 AM EDT   SUNSET   825 PM EDT
APRIL 20 2018.........SUNRISE   654 AM EDT   SUNSET   826 PM EDT


-  INDICATES NEGATIVE NUMBERS.
R  INDICATES RECORD WAS SET OR TIED.
MM INDICATES DATA IS MISSING.
T  INDICATES TRACE AMOUNT.




$$
