000
CDUS41 KPHI 242131
CLIGED


CLIMATE REPORT
NATIONAL WEATHER SERVICE MOUNT HOLLY NJ
530 PM EDT TUE APR 24 2018


...................................

...THE GEORGETOWN DE CLIMATE SUMMARY FOR APRIL 24 2018...
VALID TODAY AS OF 0500 PM LOCAL TIME.

CLIMATE NORMAL PERIOD 1981 TO 2010
CLIMATE RECORD PERIOD 1948 TO 2018


WEATHER ITEM   OBSERVED TIME   RECORD YEAR NORMAL DEPARTURE LAST
                VALUE   (LST)  VALUE       VALUE  FROM      YEAR
                                                  NORMAL
..................................................................
TEMPERATURE (F)
 TODAY
  MAXIMUM         63    200 PM  90    1960  67     -4       58
  MINIMUM         46    204 AM  29    1956  46      0       51
  AVERAGE         55                        56     -1       55

PRECIPITATION (IN)
  TODAY            0.00          0.80 1981   0.11  -0.11     0.34
  MONTH TO DATE    2.59                      3.04  -0.45     1.25
  SINCE MAR 1      5.64                      7.09  -1.45     5.62
  SINCE JAN 1     12.46                     12.80  -0.34     9.86

DEGREE DAYS
 HEATING
  TODAY           10                         9      1       10
  MONTH TO DATE  335                       298     37      156
  SINCE MAR 1   1042                       930    112      772
  SINCE JUL 1   4000                      4210   -210     3457

 COOLING
  TODAY            0                         1     -1        0
  MONTH TO DATE   14                        14      0       28
  SINCE MAR 1     14                        16     -2       31
  SINCE JAN 1     21                        16      5       31
..................................................................


WIND (MPH)
  HIGHEST WIND SPEED    24   HIGHEST WIND DIRECTION    SE (120)
  HIGHEST GUST SPEED    31   HIGHEST GUST DIRECTION     E (110)
  AVERAGE WIND SPEED    12.0


SKY COVER
  POSSIBLE SUNSHINE  MM
  AVERAGE SKY COVER 0.2


WEATHER CONDITIONS
 THE FOLLOWING WEATHER WAS RECORDED TODAY.
  NO SIGNIFICANT WEATHER WAS OBSERVED.


RELATIVE HUMIDITY (PERCENT)
 HIGHEST    72           700 AM
 LOWEST     60           900 AM
 AVERAGE    66

..........................................................


THE GEORGETOWN DE CLIMATE NORMALS FOR TOMORROW
                         NORMAL    RECORD    YEAR
 MAXIMUM TEMPERATURE (F)   67        93      2009
 MINIMUM TEMPERATURE (F)   46        27      1956


SUNRISE AND SUNSET
APRIL 24 2018.........SUNRISE   613 AM EDT   SUNSET   747 PM EDT
APRIL 25 2018.........SUNRISE   612 AM EDT   SUNSET   748 PM EDT


-  INDICATES NEGATIVE NUMBERS.
R  INDICATES RECORD WAS SET OR TIED.
MM INDICATES DATA IS MISSING.
T  INDICATES TRACE AMOUNT.




$$
