000
CDUS43 KFGF 210707
CLIGFK


CLIMATE REPORT
NATIONAL WEATHER SERVICE EASTERN NORTH DAKOTA/GRAND FORKS
205 AM CDT SAT APR 21 2018


...................................

...THE GRAND FORKS INTL AP ND CLIMATE SUMMARY FOR APRIL 20 2018...

CLIMATE NORMAL PERIOD 1981 TO 2010
CLIMATE RECORD PERIOD 1948 TO 2018


WEATHER ITEM   OBSERVED TIME   RECORD YEAR NORMAL DEPARTURE LAST
                VALUE   (LST)  VALUE       VALUE  FROM      YEAR
                                                  NORMAL
..................................................................
TEMPERATURE (F)
 YESTERDAY
  MAXIMUM         53    513 PM  90    1980  57     -4       62
  MINIMUM         31    504 AM  17    1981  32     -1       42
  AVERAGE         42                        44     -2       52

PRECIPITATION (IN)
  YESTERDAY        0.00          1.35 1974   0.03  -0.03     0.00
  MONTH TO DATE    0.15                      0.58  -0.43     0.66
  SINCE MAR 1      2.00                      1.54   0.46     1.51
  SINCE JAN 1      2.93                      2.61   0.32     2.36

SNOWFALL (IN)
  YESTERDAY        0.0           1.1  1970   0.1   -0.1      0.0
  MONTH TO DATE    3.0                       2.1    0.9      0.0
  SINCE MAR 1     16.9                       9.3    7.6      0.2
  SINCE JUL 1     52.4                      46.5    5.9     38.5
  SNOW DEPTH       0

DEGREE DAYS
 HEATING
  YESTERDAY       23                        21      2       13
  MONTH TO DATE  780                       514    266      381
  SINCE MAR 1   2032                      1749    283     1536
  SINCE JUL 1   9022                      8899    123     7505

 COOLING
  YESTERDAY        0                         0      0        0
  MONTH TO DATE    0                         0      0        0
  SINCE MAR 1      0                         0      0        0
  SINCE JAN 1      0                         0      0        0
..................................................................


WIND (MPH)
  HIGHEST WIND SPEED    17   HIGHEST WIND DIRECTION     S (190)
  HIGHEST GUST SPEED    24   HIGHEST GUST DIRECTION     S (180)
  AVERAGE WIND SPEED     8.1


SKY COVER
  POSSIBLE SUNSHINE  MM
  AVERAGE SKY COVER 0.3


WEATHER CONDITIONS
 THE FOLLOWING WEATHER WAS RECORDED YESTERDAY.
  NO SIGNIFICANT WEATHER WAS OBSERVED.


RELATIVE HUMIDITY (PERCENT)
 HIGHEST   100          1200 AM
 LOWEST     44           200 PM
 AVERAGE    72

..........................................................


THE GRAND FORKS INTL AP ND CLIMATE NORMALS FOR TODAY
                         NORMAL    RECORD    YEAR
 MAXIMUM TEMPERATURE (F)   58       100      1980
 MINIMUM TEMPERATURE (F)   32        21      1988


SUNRISE AND SUNSET
APRIL 21 2018.........SUNRISE   628 AM CDT   SUNSET   828 PM CDT
APRIL 22 2018.........SUNRISE   626 AM CDT   SUNSET   829 PM CDT


-  INDICATES NEGATIVE NUMBERS.
R  INDICATES RECORD WAS SET OR TIED.
MM INDICATES DATA IS MISSING.
T  INDICATES TRACE AMOUNT.




$$
