661
CDUS45 KGJT 242328
CLIGJT


CLIMATE REPORT
NATIONAL WEATHER SERVICE GRAND JUNCTION CO
525 PM MDT TUE APR 24 2018


...................................

...THE GRAND JUNCTION CO CLIMATE SUMMARY FOR APRIL 24 2018...
VALID TODAY AS OF 0500 PM LOCAL TIME.

CLIMATE NORMAL PERIOD 1981 TO 2010
CLIMATE RECORD PERIOD 1893 TO 2018


WEATHER ITEM   OBSERVED TIME   RECORD YEAR NORMAL DEPARTURE LAST
                VALUE   (LST)  VALUE       VALUE  FROM      YEAR
                                                  NORMAL
..................................................................
TEMPERATURE (F)
 TODAY
  MAXIMUM         70    238 PM  89    2012  68      2       71
  MINIMUM         53    558 AM  28    2014  41     12       43
  AVERAGE         62                        54      8       57

PRECIPITATION (IN)
  TODAY            0.00          0.74 1931   0.03  -0.03      T
  MONTH TO DATE    0.69                      0.74  -0.05     0.17
  SINCE MAR 1      1.28                      1.66  -0.38     0.56
  SINCE JAN 1      2.76                      2.78  -0.02     2.11

SNOWFALL (IN)
  TODAY            0.0           0.0  2002   0.0    0.0      0.0
  MONTH TO DATE    0.0                       0.8   -0.8      0.0
  SINCE MAR 1      0.2                       3.4   -3.2       T
  SINCE JUL 1      9.0                      18.9   -9.9     13.9
  SNOW DEPTH       0

DEGREE DAYS
 HEATING
  TODAY            3                        11     -8        8
  MONTH TO DATE  280                       343    -63      261
  SINCE MAR 1    892                       996   -104      701
  SINCE JUL 1   4862                      5375   -513     4348

 COOLING
  TODAY            0                         0      0        0
  MONTH TO DATE    0                         0      0        1
  SINCE MAR 1      0                         0      0        1
  SINCE JAN 1      0                         0      0        1
..................................................................


WIND (MPH)
  HIGHEST WIND SPEED    24   HIGHEST WIND DIRECTION    NW (310)
  HIGHEST GUST SPEED    36   HIGHEST GUST DIRECTION    NW (320)
  AVERAGE WIND SPEED    10.2


SKY COVER
  POSSIBLE SUNSHINE  MM
  AVERAGE SKY COVER 0.4


WEATHER CONDITIONS
 THE FOLLOWING WEATHER WAS RECORDED TODAY.
  NO SIGNIFICANT WEATHER WAS OBSERVED.


RELATIVE HUMIDITY (PERCENT)
 HIGHEST    45           400 AM
 LOWEST     15           400 PM
 AVERAGE    30

..........................................................


THE GRAND JUNCTION CO CLIMATE NORMALS FOR TOMORROW
                         NORMAL    RECORD    YEAR
 MAXIMUM TEMPERATURE (F)   68        85      1946
 MINIMUM TEMPERATURE (F)   41        27      1960


SUNRISE AND SUNSET
APRIL 24 2018.........SUNRISE   625 AM MDT   SUNSET   800 PM MDT
APRIL 25 2018.........SUNRISE   624 AM MDT   SUNSET   801 PM MDT


-  INDICATES NEGATIVE NUMBERS.
R  INDICATES RECORD WAS SET OR TIED.
MM INDICATES DATA IS MISSING.
T  INDICATES TRACE AMOUNT.




$$
