000
CDUS44 KHGX 230720
CLIGLS


CLIMATE REPORT
NATIONAL WEATHER SERVICE HOUSTON/GALVESTON TX
218 AM CDT WED MAY 23 2018


...................................

...THE GALVESTON CLIMATE SUMMARY FOR MAY 22 2018...

CLIMATE NORMAL PERIOD 1981 TO 2010
CLIMATE RECORD PERIOD 1875 TO 2018


WEATHER ITEM   OBSERVED TIME   RECORD YEAR NORMAL DEPARTURE LAST
                VALUE   (LST)  VALUE       VALUE  FROM      YEAR
                                                  NORMAL
..................................................................
TEMPERATURE (F)
 YESTERDAY
  MAXIMUM         87    118 PM  90    2012  85      2       83
                                      2005
  MINIMUM         77    555 AM  54    1892  74      3       73
  AVERAGE         82                        79      3       78

PRECIPITATION (IN)
  YESTERDAY        0.00          2.56 1913   0.16  -0.16     2.33
  MONTH TO DATE    0.35                      2.49  -2.14     3.35
  SINCE MAR 1      3.58                      8.70  -5.12     5.98
  SINCE JAN 1      7.74                     15.47  -7.73    10.25

SNOWFALL (IN)
  YESTERDAY        0.0          MM      MM  MM     MM        0.0
  MONTH TO DATE    0.0                      MM     MM        0.0
  SINCE MAR 1      0.0                      MM     MM        0.0
  SINCE JUL 1      T                         0.0    0.0      0.0
  SNOW DEPTH       0

DEGREE DAYS
 HEATING
  YESTERDAY        0                         0      0        0
  MONTH TO DATE    0                         0      0        0
  SINCE MAR 1     39                       121    -82       18
  SINCE JUL 1    816                      1009   -193      328

 COOLING
  YESTERDAY       17                        14      3       13
  MONTH TO DATE  319                       257     62      301
  SINCE MAR 1    638                       483    155      807
  SINCE JAN 1    739                       500    239      985
..................................................................


WIND (MPH)
  RESULTANT WIND SPEED   8   RESULTANT WIND DIRECTION  SE (130)
  HIGHEST WIND SPEED    15   HIGHEST WIND DIRECTION    SE (140)
  HIGHEST GUST SPEED    19   HIGHEST GUST DIRECTION    SE (140)
  AVERAGE WIND SPEED     9.0


SKY COVER
  AVERAGE SKY COVER 0.2


WEATHER CONDITIONS
 THE FOLLOWING WEATHER WAS RECORDED YESTERDAY.
  NO SIGNIFICANT WEATHER WAS OBSERVED.


RELATIVE HUMIDITY (PERCENT)
 HIGHEST    88
 LOWEST     65
 AVERAGE    77

..........................................................


THE GALVESTON CLIMATE NORMALS FOR TODAY
                         NORMAL    RECORD    YEAR
 MAXIMUM TEMPERATURE (F)   85        90      1877
 MINIMUM TEMPERATURE (F)   74        59      1892


SUNRISE AND SUNSET
MAY 23 2018...........SUNRISE   623 AM CDT   SUNSET   809 PM CDT
MAY 24 2018...........SUNRISE   623 AM CDT   SUNSET   810 PM CDT


-  INDICATES NEGATIVE NUMBERS.
R  INDICATES RECORD WAS SET OR TIED.
MM INDICATES DATA IS MISSING.
T  INDICATES TRACE AMOUNT.




$$
