000
CDUS42 KJAX 202138
CLIGNV


CLIMATE REPORT
NATIONAL WEATHER SERVICE JACKSONVILLE FL
537 PM EDT FRI APR 20 2018


...................................

...THE GAINESVILLE CLIMATE SUMMARY FOR APRIL 20 2018...
VALID TODAY AS OF 0500 PM LOCAL TIME.

CLIMATE NORMAL PERIOD 1981 TO 2010
CLIMATE RECORD PERIOD 1890 TO 2018


WEATHER ITEM   OBSERVED TIME   RECORD YEAR NORMAL DEPARTURE LAST
                VALUE   (LST)  VALUE       VALUE  FROM      YEAR
                                                  NORMAL
..................................................................
TEMPERATURE (F)
 TODAY
  MAXIMUM         73    200 PM  94    1892  81     -8       87
  MINIMUM         61    648 AM  41    1936  56      5       57
  AVERAGE         67                        68     -1       72

PRECIPITATION (IN)
  TODAY            0.00          1.37 1893   0.08  -0.08     0.00
  MONTH TO DATE    6.97                      1.89   5.08     2.74
  SINCE MAR 1      9.38                      6.22   3.16     3.41
  SINCE JAN 1     15.28                     12.73   2.55     5.25

SNOWFALL (IN)
  TODAY            0.0           0.0    MM   0.0    0.0      0.0
  MONTH TO DATE    0.0                       0.0    0.0      0.0
  SINCE MAR 1      0.0                       0.0    0.0      0.0
  SINCE JUL 1      0.0                       0.0    0.0      0.0
  SNOW DEPTH       0

DEGREE DAYS
 HEATING
  TODAY            0                         1     -1        0
  MONTH TO DATE   17                        35    -18       18
  SINCE MAR 1    201                       172     29      143
  SINCE JUL 1   1104                      1206   -102      646

 COOLING
  TODAY            2                         4     -2        7
  MONTH TO DATE   78                        67     11       91
  SINCE MAR 1    129                       121      8      164
  SINCE JAN 1    257                       153    104      248
..................................................................


WIND (MPH)
  HIGHEST WIND SPEED    21   HIGHEST WIND DIRECTION    NE (50)
  HIGHEST GUST SPEED    26   HIGHEST GUST DIRECTION    NE (30)
  AVERAGE WIND SPEED    10.2


SKY COVER
  POSSIBLE SUNSHINE  MM
  AVERAGE SKY COVER 0.6


WEATHER CONDITIONS
 THE FOLLOWING WEATHER WAS RECORDED TODAY.
  NO SIGNIFICANT WEATHER WAS OBSERVED.


RELATIVE HUMIDITY (PERCENT)
 HIGHEST    87          1200 AM
 LOWEST     57           100 PM
 AVERAGE    72

..........................................................


THE GAINESVILLE CLIMATE NORMALS FOR TOMORROW
                         NORMAL    RECORD    YEAR
 MAXIMUM TEMPERATURE (F)   82        95      1908
 MINIMUM TEMPERATURE (F)   56        42      1901


SUNRISE AND SUNSET
APRIL 20 2018.........SUNRISE   657 AM EDT   SUNSET   759 PM EDT
APRIL 21 2018.........SUNRISE   656 AM EDT   SUNSET   800 PM EDT


-  INDICATES NEGATIVE NUMBERS.
R  INDICATES RECORD WAS SET OR TIED.
MM INDICATES DATA IS MISSING.
T  INDICATES TRACE AMOUNT.




$$
