000
CDUS43 KGID 200629
CLIGRI


CLIMATE REPORT
NATIONAL WEATHER SERVICE HASTINGS NE
125 AM CDT FRI APR 20 2018


...................................

...THE GRAND ISLAND NE CLIMATE SUMMARY FOR APRIL 19 2018...

CLIMATE NORMAL PERIOD 1981 TO 2010
CLIMATE RECORD PERIOD 1895 TO 2018


WEATHER ITEM   OBSERVED TIME   RECORD YEAR NORMAL DEPARTURE LAST
                VALUE   (LST)  VALUE       VALUE  FROM      YEAR
                                                  NORMAL
..................................................................
TEMPERATURE (F)
 YESTERDAY
  MAXIMUM         57    520 PM  89    1987  65     -8       71
  MINIMUM         27    604 AM  22    1907  39    -12       47
  AVERAGE         42                        52    -10       59

PRECIPITATION (IN)
  YESTERDAY        0.00          1.42 1968   0.09  -0.09      T
  MONTH TO DATE    0.75                      1.43  -0.68     0.13
  SINCE MAR 1      2.01                      3.23  -1.22     0.94
  SINCE JAN 1      3.84                      4.44  -0.60     2.26

SNOWFALL (IN)
  YESTERDAY        0.0           2.0  1941   0.1   -0.1      0.0
  MONTH TO DATE    4.1                       1.3    2.8      0.0
  SINCE MAR 1      4.5                       6.7   -2.2      1.2
  SINCE JUL 1     33.6                      28.8    4.8      8.9
  SNOW DEPTH       0

DEGREE DAYS
 HEATING
  YESTERDAY       23                        14      9        6
  MONTH TO DATE  531                       317    214      214
  SINCE MAR 1   1291                      1113    178      911
  SINCE JUL 1   6066                      5874    192     4977

 COOLING
  YESTERDAY        0                         0      0        0
  MONTH TO DATE    0                         0      0        5
  SINCE MAR 1      0                         0      0        5
  SINCE JAN 1      0                         0      0        5
..................................................................


WIND (MPH)
  HIGHEST WIND SPEED    14   HIGHEST WIND DIRECTION     E (110)
  HIGHEST GUST SPEED    21   HIGHEST GUST DIRECTION     E (90)
  AVERAGE WIND SPEED     7.6


SKY COVER
  AVERAGE SKY COVER 0.0


WEATHER CONDITIONS
 THE FOLLOWING WEATHER WAS RECORDED YESTERDAY.
  NO SIGNIFICANT WEATHER WAS OBSERVED.


RELATIVE HUMIDITY (PERCENT)
 HIGHEST    92           300 AM
 LOWEST     30           500 PM
 AVERAGE    61

..........................................................


THE GRAND ISLAND NE CLIMATE NORMALS FOR TODAY
                         NORMAL    RECORD    YEAR
 MAXIMUM TEMPERATURE (F)   65        98      1902
 MINIMUM TEMPERATURE (F)   40        21      1953


SUNRISE AND SUNSET
APRIL 20 2018.........SUNRISE   647 AM CDT   SUNSET   818 PM CDT
APRIL 21 2018.........SUNRISE   645 AM CDT   SUNSET   819 PM CDT


-  INDICATES NEGATIVE NUMBERS.
R  INDICATES RECORD WAS SET OR TIED.
MM INDICATES DATA IS MISSING.
T  INDICATES TRACE AMOUNT.




$$
