000
CDUS44 KJAN 230704
CLIGWO


CLIMATE REPORT
NATIONAL WEATHER SERVICE JACKSON MS
201 AM CDT MON APR 23 2018


...................................

...THE GREENWOOD CLIMATE SUMMARY FOR APRIL 22 2018...

CLIMATE NORMAL PERIOD 1981 TO 2010
CLIMATE RECORD PERIOD 1948 TO 2018


WEATHER ITEM   OBSERVED TIME   RECORD YEAR NORMAL DEPARTURE LAST
                VALUE   (LST)  VALUE       VALUE  FROM      YEAR
                                                  NORMAL
..................................................................
TEMPERATURE (F)
 YESTERDAY
  MAXIMUM         68    438 PM  89    1963  77     -9       79
                                      1955
  MINIMUM         59   1159 PM  37    1993  54      5       54
  AVERAGE         64                        65     -1       67

PRECIPITATION (IN)
  YESTERDAY        0.63          3.04 1983   0.17   0.46     0.25
  MONTH TO DATE    4.76                      3.79   0.97     3.91
  SINCE MAR 1     10.50                      8.10   2.40     7.88
  SINCE JAN 1     27.10                     17.04  10.06    16.16

SNOWFALL (IN)
  YESTERDAY        0.0

DEGREE DAYS
 HEATING
  YESTERDAY        1                         3     -2        0
  MONTH TO DATE  159                       106     53       26
  SINCE MAR 1    430                       422      8      258
  SINCE JUL 1   2484                      2653   -169     1741

 COOLING
  YESTERDAY        0                         3     -3        2
  MONTH TO DATE   20                        48    -28      100
  SINCE MAR 1     44                        69    -25      161
  SINCE JAN 1     83                        74      9      195
..................................................................


WIND (MPH)
  HIGHEST WIND SPEED    18   HIGHEST WIND DIRECTION    SE (130)
  HIGHEST GUST SPEED    25   HIGHEST GUST DIRECTION    SE (130)
  AVERAGE WIND SPEED     5.8


SKY COVER
  POSSIBLE SUNSHINE  MM
  AVERAGE SKY COVER 0.9


WEATHER CONDITIONS
 THE FOLLOWING WEATHER WAS RECORDED YESTERDAY.
  HEAVY RAIN
  RAIN
  LIGHT RAIN
  FOG


RELATIVE HUMIDITY (PERCENT)
 HIGHEST    93           600 AM
 LOWEST     68          1200 AM
 AVERAGE    81

..........................................................


THE GREENWOOD CLIMATE NORMALS FOR TODAY
                         NORMAL    RECORD    YEAR
 MAXIMUM TEMPERATURE (F)   77        89      1965
 MINIMUM TEMPERATURE (F)   54        38      1986


SUNRISE AND SUNSET
APRIL 23 2018.........SUNRISE   620 AM CDT   SUNSET   737 PM CDT
APRIL 24 2018.........SUNRISE   619 AM CDT   SUNSET   738 PM CDT


-  INDICATES NEGATIVE NUMBERS.
R  INDICATES RECORD WAS SET OR TIED.
MM INDICATES DATA IS MISSING.
T  INDICATES TRACE AMOUNT.




$$
