000
CDUS44 KJAN 200710
CLIHBG


CLIMATE REPORT
NATIONAL WEATHER SERVICE JACKSON MS
203 AM CDT FRI APR 20 2018


...................................

...THE HATTIESBURG CLIMATE SUMMARY FOR APRIL 19 2018...

CLIMATE NORMAL PERIOD 1981 TO 2010
CLIMATE RECORD PERIOD 1948 TO 2018


WEATHER ITEM   OBSERVED TIME   RECORD YEAR NORMAL DEPARTURE LAST
                VALUE   (LST)  VALUE       VALUE  FROM      YEAR
                                                  NORMAL
..................................................................
TEMPERATURE (F)
 YESTERDAY
  MAXIMUM         72    248 PM  91    2006  79     -7       84
  MINIMUM         51   1159 PM  37    2001  53     -2       55
  AVERAGE         62                        66     -4       70

PRECIPITATION (IN)
  YESTERDAY        0.00          1.40 1998   0.17  -0.17     0.02
  MONTH TO DATE    5.81                      3.31   2.50     3.04
  SINCE MAR 1     10.32                      8.81   1.51     6.18
  SINCE JAN 1     22.75                     19.94   2.81    17.78

SNOWFALL (IN)
  YESTERDAY        0.0

DEGREE DAYS
 HEATING
  YESTERDAY        3                         2      1        0
  MONTH TO DATE   82                        69     13       28
  SINCE MAR 1    290                       286      4      171
  SINCE JUL 1   1865                      1964    -99     1138

 COOLING
  YESTERDAY        0                         3     -3        5
  MONTH TO DATE   22                        47    -25       71
  SINCE MAR 1     69                        80    -11      159
  SINCE JAN 1    151                        95     56      228
..................................................................


WIND (MPH)
  HIGHEST WIND SPEED    16   HIGHEST WIND DIRECTION    NW (300)
  HIGHEST GUST SPEED    22   HIGHEST GUST DIRECTION     N (360)
  AVERAGE WIND SPEED     8.5


SKY COVER
  POSSIBLE SUNSHINE  MM
  AVERAGE SKY COVER 0.0


WEATHER CONDITIONS
 THE FOLLOWING WEATHER WAS RECORDED YESTERDAY.
  NO SIGNIFICANT WEATHER WAS OBSERVED.


RELATIVE HUMIDITY (PERCENT)
 HIGHEST   100           500 AM
 LOWEST     34           200 PM
 AVERAGE    67

..........................................................


THE HATTIESBURG CLIMATE NORMALS FOR TODAY
                         NORMAL    RECORD    YEAR
 MAXIMUM TEMPERATURE (F)   79        91      2006
 MINIMUM TEMPERATURE (F)   54        35      1953


SUNRISE AND SUNSET
APRIL 20 2018.........SUNRISE   623 AM CDT   SUNSET   729 PM CDT
APRIL 21 2018.........SUNRISE   622 AM CDT   SUNSET   730 PM CDT


-  INDICATES NEGATIVE NUMBERS.
R  INDICATES RECORD WAS SET OR TIED.
MM INDICATES DATA IS MISSING.
T  INDICATES TRACE AMOUNT.




$$
