000
CDUS46 KHNX 230024
CLIHJO


CLIMATE REPORT
NATIONAL WEATHER SERVICE SAN JOAQUIN VALLEY, CA
523 PM PDT TUE MAY 22 2018


...................................

...THE HANFORD CA CLIMATE SUMMARY FOR MAY 22 2018...
VALID AS OF 0400 PM LOCAL TIME.

CLIMATE NORMAL PERIOD 1981 TO 2010
CLIMATE RECORD PERIOD 1998 TO 2018


WEATHER ITEM   OBSERVED TIME   RECORD YEAR NORMAL DEPARTURE LAST
                VALUE   (LST)  VALUE       VALUE  FROM      YEAR
                                                  NORMAL
..................................................................
TEMPERATURE (F)
 TODAY
  MAXIMUM         86    220 PM 102    2001  86      0       99
  MINIMUM         55    517 AM  47    2010  55      0       60
  AVERAGE         71                        70      1       80

PRECIPITATION (IN)
  TODAY            0.00          0.02 2006   0.01  -0.01     0.00
  MONTH TO DATE    0.00                      0.33  -0.33     0.39
  SINCE OCT 1      4.70                      9.65  -4.95    11.04
  SINCE JAN 1      4.29                      6.52  -2.23     8.17

SNOWFALL (IN)
  TODAY            0.0
  MONTH TO DATE    0.0
  SINCE MAR 1      0.0
  SINCE JUL 1      0.0
  SNOW DEPTH       0

DEGREE DAYS
 HEATING
  TODAY            0                                         0
  MONTH TO DATE    7                                        24
  SINCE MAR 1    372                                       377
  SINCE JUL 1   2042                                      2104

 COOLING
  TODAY            6                                        15
  MONTH TO DATE  116                                       114
  SINCE MAR 1    185                                       129
  SINCE JAN 1    185                                       129
..................................................................


WIND (MPH)
  HIGHEST WIND SPEED     9   HIGHEST WIND DIRECTION    NE (30)
  HIGHEST GUST SPEED    12   HIGHEST GUST DIRECTION    NE (50)
  AVERAGE WIND SPEED     2.4




RELATIVE HUMIDITY (PERCENT)
 HIGHEST    86
 LOWEST     32
 AVERAGE    59

..........................................................


THE HANFORD CA CLIMATE NORMALS FOR TOMORROW
                         NORMAL    RECORD    YEAR
 MAXIMUM TEMPERATURE (F)   86       102      2017
 MINIMUM TEMPERATURE (F)   55        44      2010


SUNRISE AND SUNSET
MAY 22 2018...........SUNRISE   547 AM PDT   SUNSET   804 PM PDT
MAY 23 2018...........SUNRISE   546 AM PDT   SUNSET   805 PM PDT


-  INDICATES NEGATIVE NUMBERS.
R  INDICATES RECORD WAS SET OR TIED.
MM INDICATES DATA IS MISSING.
T  INDICATES TRACE AMOUNT.




$$
