000
CDHW40 PHFO 250247
CLIHNL


CLIMATE REPORT
NATIONAL WEATHER SERVICE HONOLULU HI
445 PM HST TUE APR 24 2018


...................................

...THE HONOLULU HI CLIMATE SUMMARY FOR APRIL 24 2018...
VALID TODAY AS OF 0400 PM LOCAL TIME.

CLIMATE NORMAL PERIOD 1981 TO 2010
CLIMATE RECORD PERIOD 1946 TO 2018


WEATHER ITEM   OBSERVED TIME   RECORD YEAR NORMAL DEPARTURE LAST
                VALUE   (LST)  VALUE       VALUE  FROM      YEAR
                                                  NORMAL
..................................................................
TEMPERATURE (F)
 TODAY
  MAXIMUM         83    147 PM  89    1996  83      0       87
  MINIMUM         73    355 AM  60    1979  70      3       72
  AVERAGE         78                        76      2       80

PRECIPITATION (IN)
  TODAY            T             0.60 1971   0.01  -0.01      T
  MONTH TO DATE    1.16                      0.54   0.62     0.53
  SINCE MAR 1      3.73                      2.56   1.17     3.28
  SINCE JAN 1      7.91                      6.86   1.05    10.61

SNOWFALL (IN)
  TODAY            0.0
  MONTH TO DATE    0.0
  SINCE MAR 1      0.0
  SINCE JUL 1      0.0
  SNOW DEPTH      MM

DEGREE DAYS
 HEATING
  TODAY            0                         0      0        0
  MONTH TO DATE    0                         0      0        0
  SINCE MAR 1      0                         0      0        0
  SINCE JUL 1      0                         0      0        0

 COOLING
  TODAY           13                        11      2       15
  MONTH TO DATE  310                       264     46      328
  SINCE MAR 1    626                       557     69      685
  SINCE JAN 1   1296                      1039    257     1212
..................................................................


WIND (MPH)
  HIGHEST WIND SPEED    29   HIGHEST WIND DIRECTION     E (70)
  HIGHEST GUST SPEED    35   HIGHEST GUST DIRECTION     E (70)
  AVERAGE WIND SPEED    MM


SKY COVER
  POSSIBLE SUNSHINE  MM
  AVERAGE SKY COVER  MM


WEATHER CONDITIONS
 THE FOLLOWING WEATHER WAS RECORDED TODAY.
  NO SIGNIFICANT WEATHER WAS OBSERVED.


RELATIVE HUMIDITY (PERCENT)
 HIGHEST    MM
 LOWEST     MM
 AVERAGE    MM

..........................................................


THE HONOLULU HI CLIMATE NORMALS FOR TOMORROW
                         NORMAL    RECORD    YEAR
 MAXIMUM TEMPERATURE (F)   83        90      1996
 MINIMUM TEMPERATURE (F)   70        64      1979
                                             1976
                                             1974


SUNRISE AND SUNSET
APRIL 24 2018.........SUNRISE   605 AM HST   SUNSET   654 PM HST
APRIL 25 2018.........SUNRISE   605 AM HST   SUNSET   655 PM HST


-  INDICATES NEGATIVE NUMBERS.
R  INDICATES RECORD WAS SET OR TIED.
MM INDICATES DATA IS MISSING.
T  INDICATES TRACE AMOUNT.




$$
