000
CDUS44 KLZK 200638
CLIHRO


CLIMATE REPORT
NATIONAL WEATHER SERVICE LITTLE ROCK AR
137 AM CDT FRI APR 20 2018


...................................

...THE HARRISON CLIMATE SUMMARY FOR APRIL 19 2018...

CLIMATE NORMAL PERIOD 1981 TO 2010
CLIMATE RECORD PERIOD 1891 TO 2018


WEATHER ITEM   OBSERVED TIME   RECORD YEAR NORMAL DEPARTURE LAST
                VALUE   (LST)  VALUE       VALUE  FROM      YEAR
                                                  NORMAL
..................................................................
TEMPERATURE (F)
 YESTERDAY
  MAXIMUM         58    354 PM  90    1987  70    -12       81
  MINIMUM         35    559 AM  26    1953  48    -13       59
  AVERAGE         47                        59    -12       70

PRECIPITATION (IN)
  YESTERDAY        0.00          3.33 1959   0.15  -0.15      T
  MONTH TO DATE    1.49                      2.53  -1.04     1.98
  SINCE MAR 1      6.80                      6.32   0.48     7.62
  SINCE JAN 1     15.43                     11.52   3.91    11.20

SNOWFALL (IN)
  YESTERDAY        0.0          MM      MM   0.0    0.0      0.0
  MONTH TO DATE    0.1                       0.3   -0.2      0.0
  SINCE MAR 1      0.1                       2.3   -2.2      2.5
  SINCE JUL 1      2.2                      11.5   -9.3      3.4
  SNOW DEPTH       0

DEGREE DAYS
 HEATING
  YESTERDAY       18                         7     11        0
  MONTH TO DATE  310                       178    132       73
  SINCE MAR 1    766                       686     80      441
  SINCE JUL 1   3726                      3858   -132     2847

 COOLING
  YESTERDAY        0                         1     -1        5
  MONTH TO DATE    9                        19    -10       30
  SINCE MAR 1      9                        25    -16       36
  SINCE JAN 1     14                        25    -11       43
..................................................................


WIND (MPH)
  HIGHEST WIND SPEED    18   HIGHEST WIND DIRECTION     N (350)
  HIGHEST GUST SPEED    27   HIGHEST GUST DIRECTION     N (10)
  AVERAGE WIND SPEED     7.2


SKY COVER
  POSSIBLE SUNSHINE  MM
  AVERAGE SKY COVER 0.2


WEATHER CONDITIONS
 THE FOLLOWING WEATHER WAS RECORDED YESTERDAY.
  NO SIGNIFICANT WEATHER WAS OBSERVED.


RELATIVE HUMIDITY (PERCENT)
 HIGHEST    70           200 AM
 LOWEST     33           400 PM
 AVERAGE    52

..........................................................


THE HARRISON CLIMATE NORMALS FOR TODAY
                         NORMAL    RECORD    YEAR
 MAXIMUM TEMPERATURE (F)   70        92      1987
 MINIMUM TEMPERATURE (F)   48        28      1956
                                             1953
                                             1950


SUNRISE AND SUNSET
APRIL 20 2018.........SUNRISE   633 AM CDT   SUNSET   751 PM CDT
APRIL 21 2018.........SUNRISE   631 AM CDT   SUNSET   752 PM CDT


-  INDICATES NEGATIVE NUMBERS.
R  INDICATES RECORD WAS SET OR TIED.
MM INDICATES DATA IS MISSING.
T  INDICATES TRACE AMOUNT.




$$
