000
CDUS42 KMHX 210528
CLIHSE


CLIMATE REPORT
NATIONAL WEATHER SERVICE NEWPORT/MOREHEAD CITY NC
126 AM EDT SAT APR 21 2018


...................................

...THE CAPE HATTERAS NC CLIMATE SUMMARY FOR APRIL 20 2018...

CLIMATE NORMAL PERIOD 1981 TO 2010
CLIMATE RECORD PERIOD 1874 TO 2018


WEATHER ITEM   OBSERVED TIME   RECORD YEAR NORMAL DEPARTURE LAST
                VALUE   (LST)  VALUE       VALUE  FROM      YEAR
                                                  NORMAL
..................................................................
TEMPERATURE (F)
 YESTERDAY
  MAXIMUM         60   1237 PM  81    1992  67     -7       79
                                      1985
  MINIMUM         45    842 PM  33    1979  54     -9       69
  AVERAGE         53                        61     -8       74

PRECIPITATION (IN)
  YESTERDAY        0.00          1.97 2008   0.12  -0.12     0.00
  MONTH TO DATE    3.07                      2.52   0.55     4.31
  SINCE MAR 1      7.53                      7.29   0.24     9.59
  SINCE JAN 1     17.78                     16.55   1.23    15.90

SNOWFALL (IN)
  YESTERDAY        0.0
  MONTH TO DATE    0.0
  SINCE NOV 1      3.5
  SINCE JUL 1      3.5
  SNOW DEPTH       0

DEGREE DAYS
 HEATING
  YESTERDAY       12                         5      7        0
  MONTH TO DATE  141                       148     -7       45
  SINCE MAR 1    632                       567     65      400
  SINCE JUL 1   2243                      2491   -248     1722

 COOLING
  YESTERDAY        0                         1     -1        9
  MONTH TO DATE   13                        11      2       79
  SINCE MAR 1     13                        14     -1      103
  SINCE JAN 1     23                        14      9      111
..................................................................


WIND (MPH)
  HIGHEST WIND SPEED    18   HIGHEST WIND DIRECTION     N (20)
  HIGHEST GUST SPEED    32   HIGHEST GUST DIRECTION    NE (30)
  AVERAGE WIND SPEED     9.0


SKY COVER
  POSSIBLE SUNSHINE  MM
  AVERAGE SKY COVER 0.0


WEATHER CONDITIONS
 THE FOLLOWING WEATHER WAS RECORDED YESTERDAY.
  NO SIGNIFICANT WEATHER WAS OBSERVED.


RELATIVE HUMIDITY (PERCENT)
 HIGHEST    71           800 PM
 LOWEST     33          1100 AM
 AVERAGE    52

..........................................................


THE CAPE HATTERAS NC CLIMATE NORMALS FOR TODAY
                         NORMAL    RECORD    YEAR
 MAXIMUM TEMPERATURE (F)   68        85      1985
 MINIMUM TEMPERATURE (F)   54        34      1983


SUNRISE AND SUNSET
APRIL 21 2018.........SUNRISE   623 AM EDT   SUNSET   740 PM EDT
APRIL 22 2018.........SUNRISE   621 AM EDT   SUNSET   741 PM EDT


-  INDICATES NEGATIVE NUMBERS.
R  INDICATES RECORD WAS SET OR TIED.
MM INDICATES DATA IS MISSING.
T  INDICATES TRACE AMOUNT.




$$
