000
CDUS43 KGID 210625
CLIHSI


CLIMATE REPORT
NATIONAL WEATHER SERVICE HASTINGS NE
124 AM CDT SAT APR 21 2018


...................................

...THE HASTINGS NE CLIMATE SUMMARY FOR APRIL 20 2018...

CLIMATE NORMAL PERIOD 1981 TO 2010
CLIMATE RECORD PERIOD 1894 TO 2018


WEATHER ITEM   OBSERVED TIME   RECORD YEAR NORMAL DEPARTURE LAST
                VALUE   (LST)  VALUE       VALUE  FROM      YEAR
                                                  NORMAL
..................................................................
TEMPERATURE (F)
 YESTERDAY
  MAXIMUM         56    232 PM  89    1987  64     -8       70
  MINIMUM         36    539 AM  24    1953  40     -4       43
  AVERAGE         46                        52     -6       57

PRECIPITATION (IN)
  YESTERDAY        0.19          1.57 1977   0.09   0.10     0.00
  MONTH TO DATE    0.86                      1.46  -0.60     0.77
  SINCE MAR 1      1.93                      3.25  -1.32     1.85
  SINCE JAN 1      2.95                      4.15  -1.20     2.95

SNOWFALL (IN)
  YESTERDAY        0.0           T    1995   0.0    0.0      0.0
                                      1918
  MONTH TO DATE    6.9                       1.0    5.9      0.0
  SINCE MAR 1      7.2                       6.2    1.0      1.2
  SINCE JUL 1     27.1                      28.6   -1.5     10.3
  SNOW DEPTH       0

DEGREE DAYS
 HEATING
  YESTERDAY       19                        13      6        8
  MONTH TO DATE  540                       321    219      205
  SINCE MAR 1   1307                      1098    209      868
  SINCE JUL 1   6025                      5728    297     4798

 COOLING
  YESTERDAY        0                         0      0        0
  MONTH TO DATE    0                         0      0        8
  SINCE MAR 1      0                         0      0        8
  SINCE JAN 1      0                         0      0        8
..................................................................


WIND (MPH)
  HIGHEST WIND SPEED    21   HIGHEST WIND DIRECTION     E (110)
  HIGHEST GUST SPEED    34   HIGHEST GUST DIRECTION     E (90)
  AVERAGE WIND SPEED    10.5


SKY COVER
  AVERAGE SKY COVER 0.4


WEATHER CONDITIONS
 THE FOLLOWING WEATHER WAS RECORDED YESTERDAY.
  RAIN
  LIGHT RAIN
  FOG


RELATIVE HUMIDITY (PERCENT)
 HIGHEST    83          1100 PM
 LOWEST     38           200 PM
 AVERAGE    61

..........................................................


THE HASTINGS NE CLIMATE NORMALS FOR TODAY
                         NORMAL    RECORD    YEAR
 MAXIMUM TEMPERATURE (F)   65        89      1925
 MINIMUM TEMPERATURE (F)   41        25      1927


SUNRISE AND SUNSET
APRIL 21 2018.........SUNRISE   646 AM CDT   SUNSET   819 PM CDT
APRIL 22 2018.........SUNRISE   645 AM CDT   SUNSET   820 PM CDT


-  INDICATES NEGATIVE NUMBERS.
R  INDICATES RECORD WAS SET OR TIED.
MM INDICATES DATA IS MISSING.
T  INDICATES TRACE AMOUNT.




$$
