000
CDUS41 KCAR 201202
CLIHUL


CLIMATE REPORT
NATIONAL WEATHER SERVICE CARIBOU, ME
751 AM EDT FRI APR 20 2018


...................................

...THE HOULTON ME CLIMATE SUMMARY FOR APRIL 19 2018...

CLIMATE NORMAL PERIOD 1981 TO 2010
CLIMATE RECORD PERIOD 1948 TO 2018


WEATHER ITEM   OBSERVED TIME   RECORD YEAR NORMAL DEPARTURE LAST
                VALUE   (LST)  VALUE       VALUE  FROM      YEAR
                                                  NORMAL
..................................................................
TEMPERATURE (F)
 YESTERDAY
  MAXIMUM         46   1241 PM  76    1976  52     -6       46
  MINIMUM         34   1050 PM  18    1990  30      4       31
  AVERAGE         40                        41     -1       39

PRECIPITATION (IN)
  YESTERDAY        T             0.50 1969   0.13  -0.13     0.15
  MONTH TO DATE    1.75                      2.43  -0.68     2.55
  SINCE MAR 1      3.74                      5.02  -1.28     4.08
  SINCE JAN 1      9.42                      9.88  -0.46     8.53

SNOWFALL (IN)
  YESTERDAY       MM             4.0  1969   0.2   MM       MM
  MONTH TO DATE   MM                         4.9   MM       MM
  SINCE MAR 1     MM                        22.7   MM       MM
  SINCE JUL 1     MM                        88.3   MM       MM
  SNOW DEPTH      MM

DEGREE DAYS
 HEATING
  YESTERDAY       25                        24      1       26
  MONTH TO DATE  638                       541     97      472
  SINCE MAR 1   1765                      1764      1     1800
  SINCE JUL 1   7833                      8337   -504     7761

 COOLING
  YESTERDAY        0                         0      0        0
  MONTH TO DATE    0                         0      0        0
  SINCE MAR 1      0                         0      0        0
  SINCE JAN 1      0                         0      0        0
..................................................................


WIND (MPH)
  HIGHEST WIND SPEED    14   HIGHEST WIND DIRECTION    SW (240)
  HIGHEST GUST SPEED    18   HIGHEST GUST DIRECTION    SW (240)
  AVERAGE WIND SPEED     3.4


SKY COVER
  POSSIBLE SUNSHINE  MM
  AVERAGE SKY COVER 1.0


WEATHER CONDITIONS
 THE FOLLOWING WEATHER WAS RECORDED YESTERDAY.
  LIGHT RAIN


RELATIVE HUMIDITY (PERCENT)
 HIGHEST    92           500 AM
 LOWEST     53          1100 AM
 AVERAGE    73

..........................................................


THE HOULTON ME CLIMATE NORMALS FOR TODAY
                         NORMAL    RECORD    YEAR
 MAXIMUM TEMPERATURE (F)   52        75      1941
 MINIMUM TEMPERATURE (F)   30        16      1974


SUNRISE AND SUNSET
APRIL 20 2018.........SUNRISE   536 AM EDT   SUNSET   725 PM EDT
APRIL 21 2018.........SUNRISE   534 AM EDT   SUNSET   726 PM EDT


-  INDICATES NEGATIVE NUMBERS.
R  INDICATES RECORD WAS SET OR TIED.
MM INDICATES DATA IS MISSING.
T  INDICATES TRACE AMOUNT.




$$
