000
CDUS45 KTFX 261014
CLIHVR


CLIMATE REPORT
NATIONAL WEATHER SERVICE GREAT FALLS MT
413 AM MDT THU APR 26 2018


...................................

...THE HAVRE MT CLIMATE SUMMARY FOR APRIL 25 2018...

CLIMATE NORMAL PERIOD 1981 TO 2010
CLIMATE RECORD PERIOD 1880 TO 2018


WEATHER ITEM   OBSERVED TIME   RECORD YEAR NORMAL DEPARTURE LAST
                VALUE   (LST)  VALUE       VALUE  FROM      YEAR
                                                  NORMAL
..................................................................
TEMPERATURE (F)
 YESTERDAY
  MAXIMUM         63    306 PM  89    1910  62      1       50
  MINIMUM         35   1159 PM  18    1959  33      2       32
  AVERAGE         49                        47      2       41

PRECIPITATION (IN)
  YESTERDAY        T             1.67 1882   0.04  -0.04      T
  MONTH TO DATE    0.54                      0.65  -0.11     0.61
  SINCE OCT 1      6.89                      3.21   3.68     6.13
  SINCE JAN 1      3.37                      1.80   1.57     2.14

SNOWFALL (IN)
  YESTERDAY        0.0           2.0  2016   0.0    0.0      0.0
  MONTH TO DATE    8.9                       2.7    6.2       T
  SINCE MAR 1     14.2                       9.0    5.2      1.0
  SINCE JUL 1     92.5                      36.9   55.6     32.9
  SNOW DEPTH       0

DEGREE DAYS
 HEATING
  YESTERDAY       16                        18     -2       24
  MONTH TO DATE  781                       535    246      480
  SINCE MAR 1   2141                      1533    608     1392
  SINCE JUL 1   8933                      7653   1280     7391

 COOLING
  YESTERDAY        0                         0      0        0
  MONTH TO DATE    0                         0      0        0
  SINCE MAR 1      0                         0      0        0
  SINCE JAN 1      0                         0      0        0
..................................................................


WIND (MPH)
  HIGHEST WIND SPEED    25   HIGHEST WIND DIRECTION     N (360)
  HIGHEST GUST SPEED    31   HIGHEST GUST DIRECTION     N (360)
  AVERAGE WIND SPEED    14.1


SKY COVER
  AVERAGE SKY COVER 0.1


WEATHER CONDITIONS
 THE FOLLOWING WEATHER WAS RECORDED YESTERDAY.
  LIGHT RAIN


RELATIVE HUMIDITY (PERCENT)
 HIGHEST    76          1000 PM
 LOWEST     27           200 PM
 AVERAGE    52

..........................................................


THE HAVRE MT CLIMATE NORMALS FOR TODAY
                         NORMAL    RECORD    YEAR
 MAXIMUM TEMPERATURE (F)   62        94      1910
 MINIMUM TEMPERATURE (F)   33        17      1988


SUNRISE AND SUNSET
APRIL 26 2018.........SUNRISE   608 AM MDT   SUNSET   827 PM MDT
APRIL 27 2018.........SUNRISE   606 AM MDT   SUNSET   828 PM MDT


-  INDICATES NEGATIVE NUMBERS.
R  INDICATES RECORD WAS SET OR TIED.
MM INDICATES DATA IS MISSING.
T  INDICATES TRACE AMOUNT.




$$
