000
CDUS45 KPIH 260732
CLIIDA


CLIMATE REPORT
NATIONAL WEATHER SERVICE POCATELLO ID
132 AM MDT THU APR 26 2018


...................................

...THE IDAHO FALLS ID CLIMATE SUMMARY FOR APRIL 25 2018...

CLIMATE NORMAL PERIOD 1981 TO 2010
CLIMATE RECORD PERIOD 1948 TO 2018


WEATHER ITEM   OBSERVED TIME   RECORD YEAR NORMAL DEPARTURE LAST
                VALUE   (LST)  VALUE       VALUE  FROM      YEAR
                                                  NORMAL
..................................................................
TEMPERATURE (F)
 YESTERDAY
  MAXIMUM         66    337 PM  82    1977  61      5       54
  MINIMUM         29    557 AM  23    2009  33     -4       33
  AVERAGE         48                        47      1       44

PRECIPITATION (IN)
  YESTERDAY        0.00          0.59 1976   0.04  -0.04     0.26
  MONTH TO DATE    1.38                      0.89   0.49     0.77
  SINCE OCT 1      5.19                      5.67  -0.48     7.53
  SINCE JAN 1      3.26                      3.10   0.16     3.25

SNOWFALL (IN)
  YESTERDAY       MM
  MONTH TO DATE   MM
  SINCE MAR 1     MM
  SINCE JUL 1     MM
  SNOW DEPTH      MM

DEGREE DAYS
 HEATING
  YESTERDAY       17                        18     -1       21
  MONTH TO DATE  487                       524    -37      524
  SINCE MAR 1   1409                      1426    -17     1258
  SINCE JUL 1   6697                      7228   -531     7055

 COOLING
  YESTERDAY        0                         0      0        0
  MONTH TO DATE    0                         0      0        0
  SINCE MAR 1      0                         0      0        0
  SINCE JAN 1      0                         0      0        0
..................................................................


WIND (MPH)
  HIGHEST WIND SPEED    18   HIGHEST WIND DIRECTION    SW (230)
  HIGHEST GUST SPEED    28   HIGHEST GUST DIRECTION     W (250)
  AVERAGE WIND SPEED     6.9


SKY COVER
  POSSIBLE SUNSHINE  MM
  AVERAGE SKY COVER 0.1


WEATHER CONDITIONS
 THE FOLLOWING WEATHER WAS RECORDED YESTERDAY.
  NO SIGNIFICANT WEATHER WAS OBSERVED.


RELATIVE HUMIDITY (PERCENT)
 HIGHEST    92           200 AM
 LOWEST     22           300 PM
 AVERAGE    57

..........................................................


THE IDAHO FALLS ID CLIMATE NORMALS FOR TODAY
                         NORMAL    RECORD    YEAR
 MAXIMUM TEMPERATURE (F)   61        82      1992
 MINIMUM TEMPERATURE (F)   34        21      2008


SUNRISE AND SUNSET
APRIL 26 2018.........SUNRISE   628 AM MDT   SUNSET   825 PM MDT
APRIL 27 2018.........SUNRISE   627 AM MDT   SUNSET   826 PM MDT


-  INDICATES NEGATIVE NUMBERS.
R  INDICATES RECORD WAS SET OR TIED.
MM INDICATES DATA IS MISSING.
T  INDICATES TRACE AMOUNT.




$$
