217
CDUS43 KUNR 190834
CLIIEN


CLIMATE REPORT
NATIONAL WEATHER SERVICE RAPID CITY SD
233 AM MDT THU APR 19 2018


...................................

...THE PINE RIDGE SD CLIMATE SUMMARY FOR APRIL 18 2018...

CLIMATE NORMAL PERIOD 1981 TO 2010
CLIMATE RECORD PERIOD 9999 TO 9999


WEATHER ITEM   OBSERVED TIME   NORMAL DEPARTURE LAST
                VALUE   (LST)  VALUE  FROM      YEAR
                                      NORMAL
......................................................
TEMPERATURE (F)
 YESTERDAY
  MAXIMUM         59    221 PM  61     -2       66
  MINIMUM         31   1126 PM  32     -1       36
  AVERAGE         45            46     -1       51

PRECIPITATION (IN)
  YESTERDAY        T             0.07  -0.07      T
  MONTH TO DATE    1.20          1.04   0.16     0.78
  SINCE MAR 1      2.49          1.91   0.58     2.63
  SINCE JAN 1      3.52          2.70   0.82     3.77

DEGREE DAYS
 HEATING
  YESTERDAY       20            19      1       14
  MONTH TO DATE  516           381    135      272
  SINCE MAR 1   1370          1269    101      963
  SINCE JUL 1   6674          6619     55     6129

 COOLING
  YESTERDAY        0             0      0        0
  MONTH TO DATE    0             0      0        1
  SINCE MAR 1      0             0      0        1
  SINCE JAN 1      0             0      0        1
......................................................


WIND (MPH)
  HIGHEST WIND SPEED    26   HIGHEST WIND DIRECTION     N (350)
  HIGHEST GUST SPEED    36   HIGHEST GUST DIRECTION     N (350)
  AVERAGE WIND SPEED    11.2


SKY COVER
  AVERAGE SKY COVER 0.6


WEATHER CONDITIONS
 THE FOLLOWING WEATHER WAS RECORDED YESTERDAY.
  LIGHT RAIN
  LIGHT SNOW


RELATIVE HUMIDITY (PERCENT)
 HIGHEST    96          1100 PM
 LOWEST     30           500 PM
 AVERAGE    63

..........................................................




SUNRISE AND SUNSET
APRIL 19 2018.........SUNRISE   602 AM MDT   SUNSET   737 PM MDT
APRIL 20 2018.........SUNRISE   600 AM MDT   SUNSET   739 PM MDT


-  INDICATES NEGATIVE NUMBERS.
R  INDICATES RECORD WAS SET OR TIED.
MM INDICATES DATA IS MISSING.
T  INDICATES TRACE AMOUNT.




$$
