000
CDUS45 KVEF 200826
CLIIGM


CLIMATE REPORT
NATIONAL WEATHER SERVICE LAS VEGAS, NV
126 AM PDT SUN MAY 20 2018


...................................

...THE KINGMAN AZ CLIMATE SUMMARY FOR MAY 19 2018...

CLIMATE NORMAL PERIOD 1981 TO 2010
CLIMATE RECORD PERIOD 1901 TO 2018


WEATHER ITEM   OBSERVED TIME   RECORD YEAR NORMAL DEPARTURE LAST
                VALUE   (LST)  VALUE       VALUE  FROM      YEAR
                                                  NORMAL
..................................................................
TEMPERATURE (F)
 YESTERDAY
  MAXIMUM         88    400 PM 103    2008  86      2       78
  MINIMUM         55    431 AM  36    2017  53      2       36
  AVERAGE         72                        70      2       57

PRECIPITATION (IN)
  YESTERDAY        0.00          1.52 1916   0.01  -0.01     0.00
  MONTH TO DATE    0.00                      0.10  -0.10     0.19
  SINCE OCT 1      1.31                      5.53  -4.22     6.45
  SINCE JAN 1      1.31                      3.43  -2.12     2.89

DEGREE DAYS
 HEATING
  YESTERDAY        0                         1     -1        8
  MONTH TO DATE   29                        44    -15       85
  SINCE MAR 1    494                       677   -183      494
  SINCE JUL 1   2272                      3090   -818     2491

 COOLING
  YESTERDAY        7                         6      1        0
  MONTH TO DATE  108                        79     29       41
  SINCE MAR 1    187                       110     77       56
  SINCE JAN 1    187                       110     77       56
..................................................................


WIND (MPH)
  RESULTANT WIND SPEED   9   RESULTANT WIND DIRECTION  SW (210)
  HIGHEST WIND SPEED    24   HIGHEST WIND DIRECTION    SW (210)
  HIGHEST GUST SPEED    30   HIGHEST GUST DIRECTION    SW (230)
  AVERAGE WIND SPEED    12.2


SKY COVER
  POSSIBLE SUNSHINE  MM
  AVERAGE SKY COVER 0.0


WEATHER CONDITIONS
 THE FOLLOWING WEATHER WAS RECORDED YESTERDAY.
  NO SIGNIFICANT WEATHER WAS OBSERVED.


RELATIVE HUMIDITY (PERCENT)
 HIGHEST    23           500 AM
 LOWEST     11           500 PM
 AVERAGE    17

..........................................................


THE KINGMAN AZ CLIMATE NORMALS FOR TODAY
                         NORMAL    RECORD    YEAR
 MAXIMUM TEMPERATURE (F)   86       105      1923
 MINIMUM TEMPERATURE (F)   54        38      1974


SUNRISE AND SUNSET
MAY 20 2018...........SUNRISE   528 AM MST   SUNSET   737 PM MST
MAY 21 2018...........SUNRISE   527 AM MST   SUNSET   738 PM MST


-  INDICATES NEGATIVE NUMBERS.
R  INDICATES RECORD WAS SET OR TIED.
MM INDICATES DATA IS MISSING.
T  INDICATES TRACE AMOUNT.




$$
