000
CDUS45 KBOI 260931
CLIJER


CLIMATE REPORT
NATIONAL WEATHER SERVICE BOISE ID
331 AM MDT THU APR 26 2018


...................................

...THE JEROME ID CLIMATE SUMMARY FOR APRIL 25 2018...

CLIMATE NORMAL PERIOD 1981 TO 2010
CLIMATE RECORD PERIOD 1915 TO 2018


WEATHER ITEM   OBSERVED TIME   RECORD YEAR NORMAL DEPARTURE LAST
                VALUE   (LST)  VALUE       VALUE  FROM      YEAR
                                                  NORMAL
..................................................................
TEMPERATURE (F)
 YESTERDAY
  MAXIMUM         73    411 PM  90    1977  61     12       56
  MINIMUM         41    604 AM  21    1950  37      4       37
  AVERAGE         57                        49      8       47

PRECIPITATION (IN)
  YESTERDAY        0.00          0.91 1994   0.04  -0.04     0.00
  MONTH TO DATE    0.57                      1.09  -0.52     0.88
  SINCE OCT 1      5.83                      7.63  -1.80     9.42
  SINCE JAN 1      3.28                      4.11  -0.83     4.90

DEGREE DAYS
 HEATING
  YESTERDAY        8                        16     -8       18
  MONTH TO DATE  413                       470    -57      471
  SINCE MAR 1   1180                      1239    -59     1097
  SINCE JUL 1   5601                      6126   -525     5520

 COOLING
  YESTERDAY        0                         0      0        0
  MONTH TO DATE    0                         0      0        0
  SINCE MAR 1      0                         0      0        0
  SINCE JAN 1      0                         0      0        0
..................................................................


WIND (MPH)
  HIGHEST WIND SPEED    20   HIGHEST WIND DIRECTION    SW (240)
  HIGHEST GUST SPEED    25   HIGHEST GUST DIRECTION     W (260)
  AVERAGE WIND SPEED    11.6


SKY COVER
  AVERAGE SKY COVER 0.0


WEATHER CONDITIONS
 THE FOLLOWING WEATHER WAS RECORDED YESTERDAY.
  NO SIGNIFICANT WEATHER WAS OBSERVED.


RELATIVE HUMIDITY (PERCENT)
 HIGHEST    65           600 AM
 LOWEST     15           500 PM
 AVERAGE    40

..........................................................


THE JEROME ID CLIMATE NORMALS FOR TODAY
                         NORMAL    RECORD    YEAR
 MAXIMUM TEMPERATURE (F)   61        88      1977
 MINIMUM TEMPERATURE (F)   37        24      1948
                                             1922


SUNRISE AND SUNSET
APRIL 26 2018.........SUNRISE   639 AM MDT   SUNSET   833 PM MDT
APRIL 27 2018.........SUNRISE   638 AM MDT   SUNSET   834 PM MDT


-  INDICATES NEGATIVE NUMBERS.
R  INDICATES RECORD WAS SET OR TIED.
MM INDICATES DATA IS MISSING.
T  INDICATES TRACE AMOUNT.




$$
