613
CDAK47 PAJK 191128
CLIJNU
CLIMATE REPORT
NATIONAL WEATHER SERVICE JUNEAU, AK
327 AM AKDT THU APR 19 2018


...................................

...THE JUNEAU CLIMATE SUMMARY FOR APRIL 18 2018...

CLIMATE NORMAL PERIOD 1981 TO 2010
CLIMATE RECORD PERIOD 1936 TO 2018


WEATHER ITEM   OBSERVED RECORD YEAR NORMAL DEPARTURE LAST
                VALUE   VALUE       VALUE  FROM      YEAR
                                           NORMAL
...........................................................
TEMPERATURE (F)
 YESTERDAY
  MAXIMUM         42     59    2012  49     -7       46
  MINIMUM         34     17    2008  34      0       37
  AVERAGE         38                 42     -4       42

PRECIPITATION (IN)
  YESTERDAY        0.38   1.09 1972   0.09   0.29     0.00
  MONTH TO DATE    0.63               1.79  -1.16     0.51
  SINCE JAN 1     11.21              15.05  -3.84    15.53

SNOWFALL (IN)
  YESTERDAY        0.0    1.8  1948   0.0    0.0      0.0
  MONTH TO DATE    0.0                0.9   -0.9       T
  SINCE JUL 1     77.3               86.5   -9.2     65.2
  SNOW DEPTH       0

DEGREE DAYS
 HEATING
  YESTERDAY       27                 24      3       23
  MONTH TO DATE  467                464      3      409
...........................................................


WIND (MPH)
  HIGHEST WIND SPEED    30   HIGHEST WIND DIRECTION    SE (120)
  HIGHEST GUST SPEED    39   HIGHEST GUST DIRECTION    SE (120)
  AVERAGE WIND SPEED    17.9


SKY COVER
  AVERAGE SKY COVER 1.0


WEATHER CONDITIONS
 THE FOLLOWING WEATHER WAS RECORDED YESTERDAY.
  LIGHT RAIN
  FOG


..........................................................


THE JUNEAU CLIMATE NORMALS FOR TODAY
                         NORMAL    RECORD    YEAR
 MAXIMUM TEMPERATURE (F)   50        62      1978
 MINIMUM TEMPERATURE (F)   34        17      1948


SUNRISE AND SUNSET
APRIL 19 2018.........SUNRISE   535 AM AKDT  SUNSET   821 PM AKDT
APRIL 20 2018.........SUNRISE   532 AM AKDT  SUNSET   823 PM AKDT


-  INDICATES NEGATIVE NUMBERS.
R  INDICATES RECORD WAS SET OR TIED.
MM INDICATES DATA IS MISSING.
T  INDICATES TRACE AMOUNT.




$$
--------------------------------------------------------------

AMOUNT OF DAYLIGHT TODAY (HOUR:MIN)......... 14 HOURS 46 MINUTES
GAIN/LOSS SINCE YESTERDAY (HOUR:MIN:SEC).... +0:04:59

$$
